{"id":1698,"date":"2023-09-26T10:22:31","date_gmt":"2023-09-26T08:22:31","guid":{"rendered":"https:\/\/web.infn.it\/CRALfrascati\/?page_id=1698"},"modified":"2026-05-08T10:57:46","modified_gmt":"2026-05-08T08:57:46","slug":"calendario-convocazioni","status":"publish","type":"page","link":"https:\/\/web.infn.it\/CRALfrascati\/calendario-convocazioni\/","title":{"rendered":"Calendario convocazioni"},"content":{"rendered":"<div class=\"wpb-content-wrapper\">[vc_row][vc_column]<div style=\"text-align:center\"><a style=\"color:#ffffff !important;border-radius:5px;background-color:#dd3333;border-color:#dd3333;\" class=\"wbc-button button btn-primary no-hover\" href=\"https:\/\/web.infn.it\/CRALfrascati\/eventi\/\" target=\"_self\"  >LE PROSSIME CONVOCAZIONI 2026<\/a><\/div>[vc_column_text]\n\n<!-- \/wp:post-content --><strong>Calendario 2026<\/strong><!-- \/wp:paragraph -->\n\n<!-- wp:paragraph -->\n\n<!-- wp:paragraph -->\n\n17 sacche &#8211; 23 gennaio (ENEA)\n21 sacche &#8211; 20 marzo (INFN)\n11 sacche &#8211; 08 maggio (ENEA)\n<strong>26 giugno (INFN)<\/strong>\n11 settembre (ENEA)\n02 ottobre (INFN)\n18 dicembre (ENEA)\n\n<!-- wp:paragraph -->\n\n<!-- wp:paragraph \/--><!-- \/wp:paragraph --><!-- \/wp:paragraph --><!-- \/wp:paragraph --><!-- \/wp:paragraph --><!-- \/wp:paragraph -->\n\n<!-- wp:paragraph --><strong>Prenotazione:<\/strong> Il link da cui potersi prenotare \u00e8\u00a0<a href=\"https:\/\/l.infn.it\/donazionesangue\">https:\/\/l.infn.it\/donazionesangue<\/a> e sar\u00e0 abilitato solo qualche giorno prima della data di donazione. Come sempre, tutti i donatori verranno avvisati via e-mail dell&#8217;apertura della procedura di iscrizione. Questa procedura consentir\u00e0 allo staff di determinare con precisione l&#8217;ordine di iscrizione. Buona donazione!\n\n<!-- \/wp:paragraph -->\n\n<!-- wp:paragraph --><strong>Colazione:<\/strong> La mattina della donazione si pu\u00f2 assumere una colazione leggera (caff\u00e8, t\u00e8 o succo di frutta) con tre fette biscottate senza marmellata \/ cioccolata. In questo caso verranno effettuate al donatore solo le analisi previste per legge. In caso di analisi screening \u00e8 preferibile che il donatore sia a digiuno o al massimo abbia preso un caff\u00e8 \/ t\u00e8 senza zucchero.\n\n<!-- \/wp:paragraph -->\n\n<!-- wp:paragraph --><strong>Donazio<\/strong><strong>ne:<\/strong> La donazione viene preceduta da una visita medica riservata, che stabilir\u00e0 l&#8217;idoneit\u00e0 o meno (misurazione della pressione, misurazione dell&#8217;emoglobina attraverso una goccia di sangue, ecc&#8230;) a donare. Il prelievo della donazione dura circa 10 minuti ed \u00e8 effettuato con materiale monouso, sterile. La quantit\u00e0 di sangue prelevata \u00e8 di circa 450 ml (il sangue prelevato viene ricostituito dall&#8217;organismo entro 3-5 gg). Durante il prelievo medici e infermieri sono presenti e disponibili per qualsiasi esigenza. Al termine del prelievo verr\u00e0 servito un lauto ristoro. La donazione d\u00e0 diritto ad una giornata di riposo retribuito per i lavoratori dipendenti. Verr\u00e0 rilasciato apposito certificato.\n\n<!-- \/wp:paragraph -->\n\n<!-- wp:paragraph --><strong>Informazioni utili per i Donatori abituali:<\/strong>\n\n<!-- wp:paragraph \/-->\n\n<!-- wp:paragraph -->Si ricorda che \u00e8 possibile effettuare presso tutte le strutture sanitarie convenzionate la visita cardiologica e l&#8217;ECG previa presentazione della richiesta del proprio medico curante per &#8220;visita cardiologica ECG&#8221;. Sulla richiesta dovr\u00e0 essere riportato il codice di esenzione del donatore di sangue: T01\n\n<!-- \/wp:paragraph -->\n\n<!-- wp:paragraph -->Per ulteriori informazioni: <a href=\"mailto:maria.rita.ferrazza@lnf.infn.it\">Maria Rita Ferrazza, <\/a><a href=\"mailto:daniela.napoleoni@lnf.infn.it\">Daniela Napoleoni,<\/a> <a href=\"mailto:valeria.rosicarelli@lnf.infn.it\">Valeria Rosicarelli<\/a> e <a href=\"mailto:giulia.vinicola@lnf.infn.it\">Giulia Vinicola<\/a> dell&#8217;INFN, <a href=\"mailto:chiara.carbonari@enea.it\">Chiara Carbonari<\/a>, <a href=\"mailto:grazia.ginoulhiac@enea.it\">Grazia Ginoulhiac<\/a> e\u00a0<a href=\"mailto:salvatore.paolini@enea.it\">Salvatore Paolini<\/a> dell&#8217;ENEA.\n\n<!-- \/wp:paragraph -->\n\n<strong>Archivio<\/strong>\n\ntotale 2025 sacche 137\n\ntotale 2024 sacche 131\n\ntotale 2023 sacche 126\n\n<!-- \/wp:paragraph -->\n\n<!-- wp:paragraph -->totale 2022 sacche 103\n\n<!-- \/wp:paragraph -->\n\n<!-- wp:paragraph -->totale 2021 sacche 116\n\n<!-- \/wp:paragraph -->\n\n<!-- wp:paragraph -->totale 2020 sacche 137\n\n<!-- \/wp:paragraph -->\n\n<!-- wp:paragraph -->totale 2019 sacche 119\n\n<!-- \/wp:paragraph -->\n\n<!-- wp:paragraph -->totale 2018 sacche 140\n\n<!-- \/wp:paragraph -->\n\n<!-- wp:paragraph -->totale 2017 sacche 122\n\n<!-- \/wp:paragraph -->\n\n<!-- wp:paragraph -->totale 2016 sacche 113\n\n<!-- \/wp:paragraph -->\n\n<!-- wp:paragraph -->totale 2015 sacche 108\n\n<!-- \/wp:paragraph -->\n\n<!-- wp:paragraph -->totale 2014 sacche 111\n\n<!-- \/wp:paragraph -->\n\n<!-- wp:paragraph -->totale 2013 sacche 107\n\n<!-- \/wp:paragraph -->\n\n<!-- wp:paragraph -->totale 2012 sacche 107\n\n<!-- \/wp:paragraph -->\n\n<!-- wp:paragraph -->totale 2011 sacche 111\n\n<!-- \/wp:paragraph -->\n\n<!-- wp:paragraph -->totale 2010 sacche 121\n\n<!-- \/wp:paragraph -->\n\n<!-- wp:paragraph -->totale 2009 sacche 110\n\n<!-- \/wp:paragraph -->\n\n<!-- wp:paragraph --><strong>PER ULTERIORI INFORMAZIONI: <a href=\"https:\/\/www.adspem.org\">https:\/\/www.adspem.org<\/a><\/strong>\n\n<!-- \/wp:paragraph -->\n\n[\/vc_column_text][\/vc_column][\/vc_row]\n\n<!-- wp:paragraph -->\n\n<!-- \/wp:paragraph --><!-- \/wp:paragraph --><\/div>","protected":false},"excerpt":{"rendered":"<p>[vc_row][vc_column][vc_column_text] Calendario 2026 17 sacche &#8211; 23 gennaio (ENEA) 21 sacche &#8211; 20 marzo (INFN) 11 sacche &#8211; 08 maggio (ENEA) 26 giugno (INFN) 11 settembre (ENEA) 02 ottobre (INFN) 18 dicembre (ENEA) Prenotazione: Il link da cui potersi prenotare \u00e8\u00a0https:\/\/l.infn.it\/donazionesangue e sar\u00e0 abilitato solo qualche giorno prima della data di donazione. Come sempre, tutti [&hellip;]<\/p>\n","protected":false},"author":2,"featured_media":0,"parent":0,"menu_order":0,"comment_status":"closed","ping_status":"closed","template":"","meta":{"_acf_changed":false,"footnotes":""},"class_list":["post-1698","page","type-page","status-publish","hentry"],"acf":[],"_links":{"self":[{"href":"https:\/\/web.infn.it\/CRALfrascati\/wp-json\/wp\/v2\/pages\/1698","targetHints":{"allow":["GET"]}}],"collection":[{"href":"https:\/\/web.infn.it\/CRALfrascati\/wp-json\/wp\/v2\/pages"}],"about":[{"href":"https:\/\/web.infn.it\/CRALfrascati\/wp-json\/wp\/v2\/types\/page"}],"author":[{"embeddable":true,"href":"https:\/\/web.infn.it\/CRALfrascati\/wp-json\/wp\/v2\/users\/2"}],"replies":[{"embeddable":true,"href":"https:\/\/web.infn.it\/CRALfrascati\/wp-json\/wp\/v2\/comments?post=1698"}],"version-history":[{"count":52,"href":"https:\/\/web.infn.it\/CRALfrascati\/wp-json\/wp\/v2\/pages\/1698\/revisions"}],"predecessor-version":[{"id":2792,"href":"https:\/\/web.infn.it\/CRALfrascati\/wp-json\/wp\/v2\/pages\/1698\/revisions\/2792"}],"wp:attachment":[{"href":"https:\/\/web.infn.it\/CRALfrascati\/wp-json\/wp\/v2\/media?parent=1698"}],"curies":[{"name":"wp","href":"https:\/\/api.w.org\/{rel}","templated":true}]}}