{"id":625,"date":"2026-03-06T10:04:39","date_gmt":"2026-03-06T10:04:39","guid":{"rendered":"https:\/\/web.infn.it\/OCRA\/?page_id=625"},"modified":"2026-03-06T10:04:48","modified_gmt":"2026-03-06T10:04:48","slug":"lastronomia-multi-messaggera","status":"publish","type":"page","link":"https:\/\/web.infn.it\/OCRA\/approfondimenti-e-attivita-svolte\/percorso-raggi-cosmici\/lastronomia-multi-messaggera\/","title":{"rendered":"L\u2019astronomia multi-messaggera"},"content":{"rendered":"<p>Lo studio dell\u2019Universo si basa sull\u2019osservazione di 4 messaggeri:<br \/>\n<strong>1. I Raggi Cosmici.<\/strong>\u00a0Descritti nelle pagine precedenti sono particelle cariche che vengono deflessi dai campi magnetici galattici ed extra-galattici perdendo ogni informazione sulla posizione della sorgente che li ha prodotti.<br \/>\n<strong>2. I Fotoni.<\/strong>\u00a0Sono la base dell\u2019astronomia e vengono rivelati a diverse lunghezze d\u2019onda, dal radio ai raggi gamma, ognuna di esse in grado di fornire informazioni sui differenti processi fisici che li producono. Sono importanti perch\u00e9\u00a0essendo neutri non vengono deviati dai campi magnetici conservando la direzione della sorgente.<br \/>\n<strong>3. I Neutrini.<\/strong>\u00a0Interagendo debolmente con la materia possono giungere a noi dalle profondit\u00e0 del Cosmo portando fondamentali informazioni sulle pi\u00f9 remote sorgenti astrofisiche e sui pi\u00f9 potenti meccanismi di accelerazione delle particelle. Come i fotoni sono neutri quindi la loro direzione di arrivo indica la posizione dei siti di produzione.<br \/>\n<strong>4. Le Onde Gravitazionali.<\/strong>\u00a0Osservate direttamente soltanto nel 2015 sono la nuova frontiera dell\u2019astrofisica. Consentono di studiare le caratteristiche di fenomeni incredibili come la fusione di stelle di neutroni o di buchi neri che avvengono negli abissi dell\u2019Universo.<\/p>\n<p><img loading=\"lazy\" decoding=\"async\" class=\"aligncenter wp-image-685 size-full\" src=\"https:\/\/web.infn.it\/OCRA\/wp-content\/uploads\/2020\/05\/fig9.png\" sizes=\"auto, (max-width: 945px) 100vw, 945px\" srcset=\"https:\/\/web.infn.it\/OCRA\/wp-content\/uploads\/2020\/05\/fig9.png 945w, https:\/\/web.infn.it\/OCRA\/wp-content\/uploads\/2020\/05\/fig9-300x169.png 300w, https:\/\/web.infn.it\/OCRA\/wp-content\/uploads\/2020\/05\/fig9-768x432.png 768w\" alt=\"\" width=\"945\" height=\"531\" \/><br \/>\nIl 17 Agosto del 2017 con l\u2019osservazione di onde gravitazionali dalla coalescenza di un sistema binario di stelle di neutroni nasce l\u2019astronomia multi-messaggera.<br \/>\nInfatti per la prima volta un\u2019onda gravitazionale \u00e8 osservata in associazione ad eventi elettromagnetici da oltre 70 diversi rivelatori!!!<br \/>\nNei giorni successivi diversi rivelatori osservano lampi di raggi gamma, esplosioni luminose, emissione di radiazione infrarossa e di raggi X dalla sorgente che ha emesso le onde gravitazionali.<br \/>\nL\u2019osservazione diretta dell\u2019ultimo messaggero (le onde gravitazionali) e l\u2019evidenza di emissioni correlate di fotoni di diversa lunghezza d\u2019onda, neutrini ed onde gravitazionali dalla stessa sorgente apre una nuova entusiasmante era nello studio dell\u2019Universo, quella dell\u2019astronomia multi-messaggera!<\/p>\n","protected":false},"excerpt":{"rendered":"<p>Lo studio dell\u2019Universo si basa sull\u2019osservazione di 4 messaggeri: 1. I Raggi Cosmici.\u00a0Descritti nelle pagine precedenti sono particelle cariche che vengono deflessi dai campi magnetici galattici ed extra-galattici perdendo ogni informazione sulla posizione della sorgente che li ha prodotti. 2. I Fotoni.\u00a0Sono la base dell\u2019astronomia e vengono rivelati a diverse lunghezze d\u2019onda, dal radio ai<a class=\"excerpt-read-more\" href=\"https:\/\/web.infn.it\/OCRA\/approfondimenti-e-attivita-svolte\/percorso-raggi-cosmici\/lastronomia-multi-messaggera\/\" title=\"ReadL\u2019astronomia multi-messaggera\">&#8230; Read more &raquo;<\/a> [&#8230;]<\/p>\n<p><a class=\"btn btn-secondary amaranto-read-more-link\" href=\"https:\/\/web.infn.it\/OCRA\/approfondimenti-e-attivita-svolte\/percorso-raggi-cosmici\/lastronomia-multi-messaggera\/\">Leggi di pi\u00f9&#8230;<span class=\"screen-reader-text\"> from L\u2019astronomia multi-messaggera<\/span><\/a><\/p>\n","protected":false},"author":4,"featured_media":0,"parent":354,"menu_order":6,"comment_status":"closed","ping_status":"closed","template":"","meta":{"_acf_changed":false,"footnotes":""},"class_list":["post-625","page","type-page","status-publish","hentry"],"acf":[],"_links":{"self":[{"href":"https:\/\/web.infn.it\/OCRA\/wp-json\/wp\/v2\/pages\/625","targetHints":{"allow":["GET"]}}],"collection":[{"href":"https:\/\/web.infn.it\/OCRA\/wp-json\/wp\/v2\/pages"}],"about":[{"href":"https:\/\/web.infn.it\/OCRA\/wp-json\/wp\/v2\/types\/page"}],"author":[{"embeddable":true,"href":"https:\/\/web.infn.it\/OCRA\/wp-json\/wp\/v2\/users\/4"}],"replies":[{"embeddable":true,"href":"https:\/\/web.infn.it\/OCRA\/wp-json\/wp\/v2\/comments?post=625"}],"version-history":[{"count":1,"href":"https:\/\/web.infn.it\/OCRA\/wp-json\/wp\/v2\/pages\/625\/revisions"}],"predecessor-version":[{"id":626,"href":"https:\/\/web.infn.it\/OCRA\/wp-json\/wp\/v2\/pages\/625\/revisions\/626"}],"up":[{"embeddable":true,"href":"https:\/\/web.infn.it\/OCRA\/wp-json\/wp\/v2\/pages\/354"}],"wp:attachment":[{"href":"https:\/\/web.infn.it\/OCRA\/wp-json\/wp\/v2\/media?parent=625"}],"curies":[{"name":"wp","href":"https:\/\/api.w.org\/{rel}","templated":true}]}}