{"id":785,"date":"2026-03-24T14:05:13","date_gmt":"2026-03-24T14:05:13","guid":{"rendered":"https:\/\/web.infn.it\/OCRA\/?page_id=785"},"modified":"2026-03-24T14:05:13","modified_gmt":"2026-03-24T14:05:13","slug":"attivita-didattica-in-modalita-clil","status":"publish","type":"page","link":"https:\/\/web.infn.it\/OCRA\/approfondimenti-e-attivita-svolte\/in-laboratorio-con-noi\/raccolta-di-materiale-per-docenti\/attivita-didattica-in-modalita-clil\/","title":{"rendered":"Attivit\u00e0 didattica in modalit\u00e0 CLIL"},"content":{"rendered":"<div id=\"main-content\">\n<div class=\"container\">\n<div id=\"content-area\" class=\"clearfix\">\n<div id=\"left-area\">\n<article id=\"post-1293\" class=\"post-1293 page type-page status-publish hentry category-laboratorio\">\n<div class=\"entry-content\">\n<h1 class=\"entry-title main_title\"><strong style=\"font-size: 16px;\">Attivit\u00e0 didattica in modalit\u00e0 CLIL<\/strong><\/h1>\n<div class=\"entry-content\">\n<p><strong>\u00a0<\/strong>Dal sito dell\u2019INDIRE (Istituto Nazionale Documentazione Ricerca Educativa) emerge una scelta Europea di far sviluppare ai docenti delle varie discipline alcuni moduli didattici in lingua straniera:<\/p>\n<p>\u201cIl termine CLIL, introdotto da David Marsh e Anne Maljers nel 1994, \u00e8 l\u2019acronimo di\u00a0<em>Content and Language Integrated Learning<\/em>, apprendimento integrato di contenuti disciplinari in lingua straniera veicolare. La Legge di Riforma della Scuola Secondaria di secondo grado avviata nel 2010 ha introdotto l\u2019insegnamento in lingua veicolare anche negli ordinamenti scolastici italiani. Questa metodologia si sta diffondendo in maniera capillare in Europa, come testimoniano il Rapporto Eurydice\u00a0<a href=\"http:\/\/eacea.ec.europa.eu\/education\/eurydice\/documents\/key_data_series\/143EN_HI.pdf\"><em>Keydata on Languages at school in Europe<\/em>\u00a0(2012)<\/a>\u00a0e la Raccomandazione della Commissione Europea\u00a0<a href=\"http:\/\/ec.europa.eu\/languages\/policy\/strategic-framework\/documents\/rethinking-leaflet\/italy-rethinking-060913_it.pdf\"><em>Rethinking Education<\/em><\/a>\u00a0(2012), nei quali la competenza linguistica in lingua straniera \u00e8 definita una\u00a0<strong>dimensione chiave<\/strong>\u00a0per la\u00a0<strong>modernizzazione<\/strong>\u00a0dei sistemi di istruzione europei e la metodologia CLIL \u00e8 rappresentata come il motore del rinnovamento e del miglioramento dei curricoli scolastici.\u201d<\/p>\n<p>Il materiale e vari documenti di modelli di attivit\u00e0 in modalit\u00e0 CLIL non sono facili da trovare. Molti docenti producono materiale ottimo, ma non abbiamo la possibilit\u00e0 di accedere a questi file o non abbiamo l\u2019autorizzazione a pubblicarli.<\/p>\n<p>Nella seguente sitografia presentiamo alcuni riferimenti per organizzare le attivit\u00e0 e i progetti in modalit\u00e0 CLIL. I link indicati sono ancora utili, ma \u00e8 possibile che in futuro alcuni di questi possano non essere pi\u00f9 raggiungibili.<\/p>\n<p><strong>GENERALI E METODOLOGICI:<\/strong><\/p>\n<p><strong>\u00a0<\/strong><a href=\"https:\/\/www.miur.gov.it\/clil1\">https:\/\/www.miur.gov.it\/clil1<\/a><strong>\u00a0<\/strong><\/p>\n<p><a href=\"http:\/\/www.indire.it\/progetto\/clil-content-and-language-integrated-learning\/\">http:\/\/www.indire.it\/progetto\/clil-content-and-language-integrated-learning\/<\/a><\/p>\n<p><a href=\"https:\/\/www.clilmedia.com\/the-six-stages-of-a-clil-lesson-overview\/\">https:\/\/www.clilmedia.com\/the-six-stages-of-a-clil-lesson-overview\/<\/a><\/p>\n<p><a href=\"https:\/\/www.clilmedia.com\/clil-magazine\/\">https:\/\/www.clilmedia.com\/clil-magazine\/<\/a><\/p>\n<p><a href=\"https:\/\/clil-cd.ecml.at\/\">https:\/\/clil-cd.ecml.at\/<\/a><\/p>\n<p><a href=\"https:\/\/usr.istruzione.lombardia.gov.it\/aree-tematiche\/lingue-straniere-e-relazioni-internazionali\/clil\/\">https:\/\/usr.istruzione.lombardia.gov.it\/aree-tematiche\/lingue-straniere-e-relazioni-internazionali\/clil\/<\/a><strong>\u00a0<\/strong><\/p>\n<p><strong>FISICA, MATEMATICA e SCIENZE<\/strong><\/p>\n<p><a href=\"https:\/\/padlet.com\/marigo_inrete\/fisicaclil\">https:\/\/padlet.com\/marigo_inrete\/fisicaclil<\/a><\/p>\n<p><a href=\"http:\/\/clilinaction.eniscuola.net\/getpage.aspx?id=1\">http:\/\/clilinaction.eniscuola.net\/getpage.aspx?id=1<\/a><\/p>\n<p><a href=\"http:\/\/flippedphysics.net\/index.htm\">http:\/\/flippedphysics.net\/index.htm<\/a><\/p>\n<p><a href=\"http:\/\/www.bymath.com\/index.html\">http:\/\/www.bymath.com\/index.html<\/a><\/p>\n<p><a href=\"http:\/\/selda.unicatt.it\/milano-azione-4-sitografia\">http:\/\/selda.unicatt.it\/milano-azione-4-sitografia<\/a><\/p>\n<p><a href=\"https:\/\/online.scuola.zanichelli.it\/spazioclil\/matematica-e-fisica\/\">https:\/\/online.scuola.zanichelli.it\/spazioclil\/matematica-e-fisica\/<\/a><\/p>\n<p><strong>CORSI<\/strong>:<\/p>\n<p>ci sono diversi siti, ma per corsi a pagamento.<\/p>\n<p><a href=\"https:\/\/www.orizzontedocenti.it\/2014\/12\/09\/clil-ecco-chi-puo-partecipare-ai-corsi\/\">https:\/\/www.orizzontedocenti.it\/2014\/12\/09\/clil-ecco-chi-puo-partecipare-ai-corsi\/<\/a><\/p>\n<p><strong>MATERIALE\/FILE:<\/strong><\/p>\n<p>Il seguente documento crediamo che si possa ritenere pubblico.<\/p>\n<p><a href=\"https:\/\/www.academia.edu\/21629830\/CLIL-like_activity_in_Physics?auto=download&amp;email_work_card=download-paper\">https:\/\/www.academia.edu\/21629830\/CLIL-like_activity_in_Physics?auto=download&amp;email_work_card=download-paper<\/a><\/p>\n<\/div>\n<\/div>\n<\/article>\n<\/div>\n<\/div>\n<\/div>\n<\/div>\n","protected":false},"excerpt":{"rendered":"<p>Attivit\u00e0 didattica in modalit\u00e0 CLIL \u00a0Dal sito dell\u2019INDIRE (Istituto Nazionale Documentazione Ricerca Educativa) emerge una scelta Europea di far sviluppare ai docenti delle varie discipline alcuni moduli didattici in lingua straniera: \u201cIl termine CLIL, introdotto da David Marsh e Anne Maljers nel 1994, \u00e8 l\u2019acronimo di\u00a0Content and Language Integrated Learning, apprendimento integrato di contenuti disciplinari<a class=\"excerpt-read-more\" href=\"https:\/\/web.infn.it\/OCRA\/approfondimenti-e-attivita-svolte\/in-laboratorio-con-noi\/raccolta-di-materiale-per-docenti\/attivita-didattica-in-modalita-clil\/\" title=\"ReadAttivit\u00e0 didattica in modalit\u00e0 CLIL\">&#8230; Read more &raquo;<\/a> [&#8230;]<\/p>\n<p><a class=\"btn btn-secondary amaranto-read-more-link\" href=\"https:\/\/web.infn.it\/OCRA\/approfondimenti-e-attivita-svolte\/in-laboratorio-con-noi\/raccolta-di-materiale-per-docenti\/attivita-didattica-in-modalita-clil\/\">Leggi di pi\u00f9&#8230;<span class=\"screen-reader-text\"> from Attivit\u00e0 didattica in modalit\u00e0 CLIL<\/span><\/a><\/p>\n","protected":false},"author":4,"featured_media":0,"parent":775,"menu_order":2,"comment_status":"closed","ping_status":"closed","template":"","meta":{"_acf_changed":false,"footnotes":""},"class_list":["post-785","page","type-page","status-publish","hentry"],"acf":[],"_links":{"self":[{"href":"https:\/\/web.infn.it\/OCRA\/wp-json\/wp\/v2\/pages\/785","targetHints":{"allow":["GET"]}}],"collection":[{"href":"https:\/\/web.infn.it\/OCRA\/wp-json\/wp\/v2\/pages"}],"about":[{"href":"https:\/\/web.infn.it\/OCRA\/wp-json\/wp\/v2\/types\/page"}],"author":[{"embeddable":true,"href":"https:\/\/web.infn.it\/OCRA\/wp-json\/wp\/v2\/users\/4"}],"replies":[{"embeddable":true,"href":"https:\/\/web.infn.it\/OCRA\/wp-json\/wp\/v2\/comments?post=785"}],"version-history":[{"count":1,"href":"https:\/\/web.infn.it\/OCRA\/wp-json\/wp\/v2\/pages\/785\/revisions"}],"predecessor-version":[{"id":786,"href":"https:\/\/web.infn.it\/OCRA\/wp-json\/wp\/v2\/pages\/785\/revisions\/786"}],"up":[{"embeddable":true,"href":"https:\/\/web.infn.it\/OCRA\/wp-json\/wp\/v2\/pages\/775"}],"wp:attachment":[{"href":"https:\/\/web.infn.it\/OCRA\/wp-json\/wp\/v2\/media?parent=785"}],"curies":[{"name":"wp","href":"https:\/\/api.w.org\/{rel}","templated":true}]}}