{"id":1048,"date":"2024-04-17T11:47:28","date_gmt":"2024-04-17T09:47:28","guid":{"rendered":"https:\/\/web.infn.it\/SSA\/?post_type=tribe_events&#038;p=1048"},"modified":"2024-04-17T12:02:33","modified_gmt":"2024-04-17T10:02:33","slug":"corso-di-aggiornamento-per-esperti-di-radioprotezione","status":"publish","type":"tribe_events","link":"https:\/\/web.infn.it\/SSA\/event\/corso-di-aggiornamento-per-esperti-di-radioprotezione\/","title":{"rendered":"Corso di aggiornamento per esperti di radioprotezione"},"content":{"rendered":"<h1>La radioprotezione operativa negli ambienti di ricerca<\/h1>\n<p>Il corso approfondisce gli aspetti del D. Lgs. 101\/2020 legati alle attivit\u00e0 con rischio di radiazioni ionizzanti negli ambienti di ricerca.<\/p>\n<p>Al termine dell&#8217;evento verr\u00e0 rilasciato l&#8217;attestato di frequenza riportante il conseguimento di 20 crediti orari ai fini dell&#8217;aggiornamento per gli Esperti di radioprotezione, secondo quanto recentemente stabilito dall&#8217;art. 129 del D. Lgs. 101\/20 e s.m.i. e dal D.I. del 9 Agosto 2022. L&#8217;evento si terr\u00e0 esclusivamente in presenza e sar\u00e0 possibile registrarsi fino alle ore 12:00 del 3 Maggio 2024.<\/p>\n<p>\u00c8 ammessa anche la frequenza ad una o pi\u00f9 giornate, in tal caso l&#8217;attestato di frequenza riguarder\u00e0 solo le lezioni effettivamente frequentate.<\/p>\n<p>Il programma del corso \u00e8 disponibile sull&#8217;agenda INDICO <a href=\"https:\/\/agenda.infn.it\/event\/40762\/\">a questo link\u00a0<\/a><\/p>\n<p><strong>ATTENZIONE! La registrazione su INDICO \u00e8 volta alla raccolta di dati a scopo organizzativo.\u00a0<\/strong><\/p>\n<p>Per essere autorizzati dal vostro Direttore a partecipare al corso \u00e8\u00a0<strong>ASSOLUTAMENTE NECESSARIO<\/strong>\u00a0iscriversi\u00a0<strong>ANCHE SUL PORTALE DELLA FORMAZIONE<\/strong>.<\/p>\n<p>&nbsp;<\/p>\n","protected":false},"excerpt":{"rendered":"<p>La radioprotezione operativa negli ambienti di ricerca Il corso approfondisce gli aspetti del D. Lgs. 101\/2020 legati alle attivit\u00e0 con rischio di radiazioni ionizzanti negli ambienti di ricerca. Al termine [&hellip;]<\/p>\n","protected":false},"author":2,"featured_media":0,"template":"","meta":{"site-sidebar-layout":"default","site-content-layout":"","ast-site-content-layout":"default","site-content-style":"default","site-sidebar-style":"default","ast-global-header-display":"","ast-banner-title-visibility":"","ast-main-header-display":"","ast-hfb-above-header-display":"","ast-hfb-below-header-display":"","ast-hfb-mobile-header-display":"","site-post-title":"","ast-breadcrumbs-content":"","ast-featured-img":"","footer-sml-layout":"","ast-disable-related-posts":"","theme-transparent-header-meta":"","adv-header-id-meta":"","stick-header-meta":"","header-above-stick-meta":"","header-main-stick-meta":"","header-below-stick-meta":"","astra-migrate-meta-layouts":"default","ast-page-background-enabled":"default","ast-page-background-meta":{"desktop":{"background-color":"var(--ast-global-color-5)","background-image":"","background-repeat":"repeat","background-position":"center center","background-size":"auto","background-attachment":"scroll","background-type":"","background-media":"","overlay-type":"","overlay-color":"","overlay-opacity":"","overlay-gradient":""},"tablet":{"background-color":"","background-image":"","background-repeat":"repeat","background-position":"center center","background-size":"auto","background-attachment":"scroll","background-type":"","background-media":"","overlay-type":"","overlay-color":"","overlay-opacity":"","overlay-gradient":""},"mobile":{"background-color":"","background-image":"","background-repeat":"repeat","background-position":"center center","background-size":"auto","background-attachment":"scroll","background-type":"","background-media":"","overlay-type":"","overlay-color":"","overlay-opacity":"","overlay-gradient":""}},"ast-content-background-meta":{"desktop":{"background-color":"var(--ast-global-color-4)","background-image":"","background-repeat":"repeat","background-position":"center center","background-size":"auto","background-attachment":"scroll","background-type":"","background-media":"","overlay-type":"","overlay-color":"","overlay-opacity":"","overlay-gradient":""},"tablet":{"background-color":"var(--ast-global-color-4)","background-image":"","background-repeat":"repeat","background-position":"center center","background-size":"auto","background-attachment":"scroll","background-type":"","background-media":"","overlay-type":"","overlay-color":"","overlay-opacity":"","overlay-gradient":""},"mobile":{"background-color":"var(--ast-global-color-4)","background-image":"","background-repeat":"repeat","background-position":"center center","background-size":"auto","background-attachment":"scroll","background-type":"","background-media":"","overlay-type":"","overlay-color":"","overlay-opacity":"","overlay-gradient":""}},"_tribe_events_status":"","_tribe_events_status_reason":"","footnotes":""},"tags":[11],"tribe_events_cat":[10],"class_list":["post-1048","tribe_events","type-tribe_events","status-publish","hentry","tag-esperti-di-radioprotezione","tribe_events_cat-riunioni-esperti-di-radioprotezione","cat_riunioni-esperti-di-radioprotezione"],"_links":{"self":[{"href":"https:\/\/web.infn.it\/SSA\/wp-json\/wp\/v2\/tribe_events\/1048","targetHints":{"allow":["GET"]}}],"collection":[{"href":"https:\/\/web.infn.it\/SSA\/wp-json\/wp\/v2\/tribe_events"}],"about":[{"href":"https:\/\/web.infn.it\/SSA\/wp-json\/wp\/v2\/types\/tribe_events"}],"author":[{"embeddable":true,"href":"https:\/\/web.infn.it\/SSA\/wp-json\/wp\/v2\/users\/2"}],"version-history":[{"count":2,"href":"https:\/\/web.infn.it\/SSA\/wp-json\/wp\/v2\/tribe_events\/1048\/revisions"}],"predecessor-version":[{"id":1051,"href":"https:\/\/web.infn.it\/SSA\/wp-json\/wp\/v2\/tribe_events\/1048\/revisions\/1051"}],"wp:attachment":[{"href":"https:\/\/web.infn.it\/SSA\/wp-json\/wp\/v2\/media?parent=1048"}],"wp:term":[{"taxonomy":"post_tag","embeddable":true,"href":"https:\/\/web.infn.it\/SSA\/wp-json\/wp\/v2\/tags?post=1048"},{"taxonomy":"tribe_events_cat","embeddable":true,"href":"https:\/\/web.infn.it\/SSA\/wp-json\/wp\/v2\/tribe_events_cat?post=1048"}],"curies":[{"name":"wp","href":"https:\/\/api.w.org\/{rel}","templated":true}]}}

<h1>La radioprotezione operativa negli ambienti di ricerca</h1>
<p>Il corso approfondisce gli aspetti del D. Lgs. 101/2020 legati alle attività con rischio di radiazioni ionizzanti negli ambienti di ricerca.</p>
<p>Al termine dell&#8217;evento verrà rilasciato l&#8217;attestato di frequenza riportante il conseguimento di 20 crediti orari ai fini dell&#8217;aggiornamento per gli Esperti di radioprotezione, secondo quanto recentemente stabilito dall&#8217;art. 129 del D. Lgs. 101/20 e s.m.i. e dal D.I. del 9 Agosto 2022. L&#8217;evento si terrà esclusivamente in presenza e sarà possibile registrarsi fino alle ore 12:00 del 3 Maggio 2024.</p>
<p>È ammessa anche la frequenza ad una o più giornate, in tal caso l&#8217;attestato di frequenza riguarderà solo le lezioni effettivamente frequentate.</p>
<p>Il programma del corso è disponibile sull&#8217;agenda INDICO <a href="https://agenda.infn.it/event/40762/">a questo link </a></p>
<p><strong>ATTENZIONE! La registrazione su INDICO è volta alla raccolta di dati a scopo organizzativo. </strong></p>
<p>Per essere autorizzati dal vostro Direttore a partecipare al corso è <strong>ASSOLUTAMENTE NECESSARIO</strong> iscriversi <strong>ANCHE SUL PORTALE DELLA FORMAZIONE</strong>.</p>
<p>&nbsp;</p>

<p>La radioprotezione operativa negli ambienti di ricerca Il corso approfondisce gli aspetti del D. Lgs. 101/2020 legati alle attività con rischio di radiazioni ionizzanti negli ambienti di ricerca. Al termine [&hellip;]</p>
