{"id":449,"date":"2023-11-20T18:59:58","date_gmt":"2023-11-20T18:59:58","guid":{"rendered":"https:\/\/web.infn.it\/TechTransfer\/?page_id=449"},"modified":"2026-01-12T14:51:02","modified_gmt":"2026-01-12T13:51:02","slug":"pubblico","status":"publish","type":"page","link":"https:\/\/web.infn.it\/TechTransfer\/pubblico\/","title":{"rendered":"Pubblico"},"content":{"rendered":"<div class=\"wpb-content-wrapper\"><p>[vc_row css_animation=&#8221;&#8221; row_type=&#8221;row&#8221; use_row_as_full_screen_section=&#8221;no&#8221; type=&#8221;grid&#8221; angled_section=&#8221;no&#8221; text_align=&#8221;left&#8221; background_image_as_pattern=&#8221;without_pattern&#8221; z_index=&#8221;&#8221;][vc_column width=&#8221;2\/3&#8243;][vc_empty_space height=&#8221;16px&#8221;][vc_column_text]L&#8217;INFN \u00e8 l&#8217;Ente di ricerca italiano che, con una rete scientifica distribuita su tutto il territorio nazionale, studia i costituenti fondamentali della materia attraverso lo sviluppo di strumenti e attrezzature dall\u2019elevato contenuto tecnologico. L\u2019innovazione generata dalla ricerca scientifica dell\u2019Istituto pu\u00f2 produrre un importante impatto sulla societ\u00e0 mettendo a disposizione le competenze, le infrastrutture e le tecnologie che l\u2019ente ha sviluppato in diversi settori quali: la salute, l\u2019ambiente, i beni culturali, la sicurezza, l\u2019aerospazio ma anche tecnologie innovative per il supercalcolo di nuova generazione. Il Trasferimento Tecnologico INFN consiste in un\u2019unit\u00e0 dedicata alla valorizzazione e all\u2019immissione sul mercato delle innovazioni prodotte dall\u2019Istituto attraverso il potenziamento di specifici strumenti di azione.[\/vc_column_text][vc_empty_space][vc_single_image image=&#8221;2421&#8243; img_size=&#8221;full&#8221; qode_css_animation=&#8221;&#8221;][vc_empty_space][vc_column_text]Condividere i risultati e know-how dell\u2019INFN in questo ambito permette di svelare il contributo che l\u2019INFN d\u00e0 a tematiche apparentemente lontane dalle sue attivit\u00e0 primarie ma molto vicine alla societ\u00e0.[\/vc_column_text][vc_empty_space][vc_column_text]<\/p>\n<h3>SALUTE<\/h3>\n<p>[\/vc_column_text][vc_empty_space height=&#8221;18px&#8221;][vc_column_text]Le attivit\u00e0 svolte all&#8217;INFN nel settore delle applicazioni mediche della fisica, in collaborazione con il mondo medico e quello industriale consentono di trasferire innovazioni importanti per salute dei cittadini, su pi\u00f9 fronti quali la prevenzione, la diagnostica e la cura dei tumori.[\/vc_column_text][vc_empty_space][vc_column_text]<\/p>\n<h3>AMBIENTE<\/h3>\n<p>[\/vc_column_text][vc_empty_space height=&#8221;18px&#8221;][vc_column_text]L&#8217;inquinamento dell&#8217;aria e delle risorse idriche, la sostenibilit\u00e0 dell&#8217;utilizzo delle risorse naturali, il contenimento dei cambiamenti climatici sono alcune delle sfide ambientali globali oggi al centro dell&#8217;attenzione in cui l\u2019INFN pu\u00f2 dare il suo contributo nell\u2019ambito del monitoraggio della radioattivit\u00e0 ambientale e dello studio della qualit\u00e0<br \/>\ndell&#8217;aria.[\/vc_column_text][vc_empty_space][vc_column_text]<\/p>\n<h3>BENI CULTURALI<\/h3>\n<p>[\/vc_column_text][vc_empty_space height=&#8221;18px&#8221;][vc_column_text]Numerose sono le applicazioni derivanti da tecnologie sviluppate dall&#8217;INFN che risultano determinanti nell\u2019ambito della conservazione, interpretazione e gestione del patrimonio culturale. A tal proposito l\u2019INFN si \u00e8 si \u00e8 dotato di\u00a0<a href=\"https:\/\/chnet.infn.it\/it\/home-2\/\"><span style=\"text-decoration: underline;\"><strong>INFN-CHNet (Cultural Heritage Network)<\/strong><\/span><\/a>, rete di ricerca ed infrastruttura distribuita di servizio per il trasferimento di conoscenza e tecnologia a soggetti pubblici e privati del settore.[\/vc_column_text][vc_empty_space][vc_column_text]<\/p>\n<h3>TECNOLOGIE PER L&#8217;INFORMAZIONE E LA COMUNICAZIONE<\/h3>\n<p>[\/vc_column_text][vc_empty_space height=&#8221;18px&#8221;][vc_column_text]Il settore delle Tecnologie per l&#8217;informazione e la comunicazione \u00e8 diventato molto diffuso negli ultimi decenni.<br \/>\nIn questo campo l&#8217;innovazione tecnologica ha sviluppato sistemi integrati di comunicazione ad esempio attraverso internet, le reti wireless, i telefoni cellulari ed altri mezzi di comunicazione presenti in molteplici aspetti della nostra vita quotidiana. L&#8217;INFN sta partecipando in modo attivo a questa rivoluzione tecnologica.[\/vc_column_text][vc_empty_space][\/vc_column][vc_column width=&#8221;1\/3&#8243; css=&#8221;.vc_custom_1700917642963{margin-bottom: 50px !important;}&#8221;][vc_empty_space height=&#8221;16px&#8221;][vc_column_text css=&#8221;.vc_custom_1711036323010{padding-top: 10px !important;padding-right: 10px !important;padding-bottom: 10px !important;padding-left: 10px !important;background-color: #002a48 !important;}&#8221;]<span style=\"text-decoration: underline;\"><span style=\"color: #ffffff;\"><strong>RESTIAMO IN CONTATTO<\/strong><\/span><\/span><\/p>\n<p>&nbsp;<\/p>\n<p><span style=\"color: #ffffff;\">Se sei un cittadino desideroso di avere maggiori informazioni sulle varie attivit\u00e0 del TT<\/span><br \/>\n<span style=\"color: #ffffff;\">\u00a0<\/span><\/p>\n<p><a href=\"mailto:tto@lists.infn.it\"><span style=\"text-decoration: underline;\"><span style=\"color: #9cdef4; text-decoration: underline;\"><strong>CONTATTACI<\/strong><\/span><\/span><\/a>[\/vc_column_text][vc_empty_space height=&#8221;21px&#8221;][vc_column_text css=&#8221;.vc_custom_1713905934163{padding-top: 10px !important;padding-right: 10px !important;padding-bottom: 10px !important;padding-left: 10px !important;background-color: #f3f4f4 !important;}&#8221;]<\/p>\n<h5><strong>CHI SEI<\/strong><\/h5>\n<p>&nbsp;<\/p>\n<p><span style=\"text-decoration: underline; color: #4297b4;\"><strong><a style=\"color: #4297b4; text-decoration: underline;\" href=\"https:\/\/web.infn.it\/TechTransfer\/?page_id=445\">Imprese<\/a><\/strong><\/span><\/p>\n<p><span style=\"text-decoration: underline; color: #4297b4;\"><strong><a style=\"color: #4297b4; text-decoration: underline;\" href=\"https:\/\/web.infn.it\/TechTransfer\/?page_id=447\">Personale INFN<\/a><\/strong><\/span><\/p>\n<p><span style=\"color: #000000;\">Pubblico<\/span><\/p>\n<p><span style=\"text-decoration: underline;\"><strong><span style=\"color: #4297b4;\"><a style=\"color: #4297b4; text-decoration: underline;\" href=\"https:\/\/web.infn.it\/TechTransfer\/?page_id=451\">Media<\/a><\/span><\/strong><\/span>[\/vc_column_text][vc_empty_space height=&#8221;21px&#8221;][vc_column_text css=&#8221;.vc_custom_1768225855968{padding-top: 10px !important;padding-right: 10px !important;padding-bottom: 10px !important;padding-left: 10px !important;background-color: #f3f4f4 !important;}&#8221;]<\/p>\n<h5><strong>PER APPROFONDIRE<\/strong><\/h5>\n<p>&nbsp;<\/p>\n<p><a href=\"https:\/\/www.asimmetrie.it\/dal-laboratorio-alla-societa\" target=\"_blank\" rel=\"noopener\"><img loading=\"lazy\" decoding=\"async\" class=\"alignnone wp-image-1303\" src=\"https:\/\/web.infn.it\/TechTransfer\/wp-content\/uploads\/2024\/04\/asimmetrie-35-cover-interna.jpg\" alt=\"\" width=\"157\" height=\"61\" \/><\/a><a href=\"https:\/\/www.asimmetrie.it\/dal-laboratorio-alla-societa\" target=\"_blank\" rel=\"noopener\"><strong><span style=\"text-decoration: underline;\"><span style=\"color: #4297b4; text-decoration: underline;\">[as35] applicazioni<\/span><\/span><\/strong><\/a>[\/vc_column_text][\/vc_column][\/vc_row][vc_row css_animation=&#8221;&#8221; row_type=&#8221;row&#8221; use_row_as_full_screen_section=&#8221;no&#8221; type=&#8221;full_width&#8221; angled_section=&#8221;no&#8221; text_align=&#8221;left&#8221; background_image_as_pattern=&#8221;without_pattern&#8221;][vc_column][vc_empty_space][vc_row_inner row_type=&#8221;row&#8221; type=&#8221;full_width&#8221; text_align=&#8221;left&#8221; css_animation=&#8221;&#8221;][vc_column_inner width=&#8221;1\/4&#8243;]<div class=\"q_image_with_text_over\"><div class=\"shader\" ><\/div><img decoding=\"async\" itemprop=\"image\" src=\"https:\/\/web.infn.it\/TechTransfer\/wp-content\/uploads\/2024\/07\/Salute_350_270-1-scaled.jpg\" alt=\"\" \/><div class=\"text\"><table><tr><td><h4 class=\"caption no_icon\" style=\"color: #ffffff;\">Salute<\/h4><\/td><\/tr><\/table><table><tr><td><div class=\"desc\"><a href=\"https:\/\/web.infn.it\/TechTransfer\/?page_id=1444\" rel=\"noopener\"><span style=\"text-decoration: underline;\"><span style=\"color: #4297b4;\"><strong>VAI ALLA SEZIONE<\/strong><\/span><\/span><\/a><\/div><\/td><\/tr><\/table><\/div><\/div>[\/vc_column_inner][vc_column_inner width=&#8221;1\/4&#8243;]<div class=\"q_image_with_text_over\"><div class=\"shader\" ><\/div><img decoding=\"async\" itemprop=\"image\" src=\"https:\/\/web.infn.it\/TechTransfer\/wp-content\/uploads\/2024\/07\/Ambiente_v2_350_270-1-scaled.jpg\" alt=\"\" \/><div class=\"text\"><table><tr><td><h4 class=\"caption no_icon\" style=\"color: #ffffff;\">Ambiente<\/h4><\/td><\/tr><\/table><table><tr><td><div class=\"desc\"><a href=\"https:\/\/web.infn.it\/TechTransfer\/?page_id=1451\" rel=\"noopener\"><span style=\"text-decoration: underline;\"><span style=\"color: #4297b4;\"><strong>VAI ALLA SEZIONE<\/strong><\/span><\/span><\/a><\/div><\/td><\/tr><\/table><\/div><\/div>[\/vc_column_inner][vc_column_inner width=&#8221;1\/4&#8243;]<div class=\"q_image_with_text_over\"><div class=\"shader\" ><\/div><img decoding=\"async\" itemprop=\"image\" src=\"https:\/\/web.infn.it\/TechTransfer\/wp-content\/uploads\/2024\/04\/beni-culturali.jpg\" alt=\"\" \/><div class=\"text\"><table><tr><td><h4 class=\"caption no_icon\" style=\"color: #ffffff;\">Beni Culturali<\/h4><\/td><\/tr><\/table><table><tr><td><div class=\"desc\"><a href=\"https:\/\/web.infn.it\/TechTransfer\/?page_id=1459\" rel=\"noopener\"><span style=\"text-decoration: underline;\"><span style=\"color: #4297b4;\"><strong>VAI ALLA SEZIONE<\/strong><\/span><\/span><\/a><\/div><\/td><\/tr><\/table><\/div><\/div>[\/vc_column_inner][vc_column_inner width=&#8221;1\/4&#8243;]<div class=\"q_image_with_text_over\"><div class=\"shader\" ><\/div><img decoding=\"async\" itemprop=\"image\" src=\"https:\/\/web.infn.it\/TechTransfer\/wp-content\/uploads\/2024\/04\/ICT_2.jpg\" alt=\"\" \/><div class=\"text\"><table><tr><td><h4 class=\"caption no_icon\" style=\"color: #ffffff;\">Tecnologie per l'informazione e la comunicazione<\/h4><\/td><\/tr><\/table><table><tr><td><div class=\"desc\"><a href=\"https:\/\/web.infn.it\/TechTransfer\/?page_id=1466\" rel=\"noopener\"><span style=\"text-decoration: underline;\"><span style=\"color: #4297b4;\"><strong>VAI ALLA SEZIONE<\/strong><\/span><\/span><\/a><\/div><\/td><\/tr><\/table><\/div><\/div>[\/vc_column_inner][\/vc_row_inner][vc_empty_space][\/vc_column][\/vc_row]<\/p>\n<\/div>","protected":false},"excerpt":{"rendered":"<p>[vc_row css_animation=&#8221;&#8221; row_type=&#8221;row&#8221; use_row_as_full_screen_section=&#8221;no&#8221; type=&#8221;grid&#8221; angled_section=&#8221;no&#8221; text_align=&#8221;left&#8221; background_image_as_pattern=&#8221;without_pattern&#8221; z_index=&#8221;&#8221;][vc_column width=&#8221;2\/3&#8243;][vc_empty_space height=&#8221;16px&#8221;][vc_column_text]L&#8217;INFN \u00e8 l&#8217;Ente di ricerca italiano che, con una rete scientifica distribuita su tutto il territorio nazionale, studia i costituenti fondamentali della materia attraverso lo sviluppo di strumenti e attrezzature dall\u2019elevato contenuto tecnologico. L\u2019innovazione generata&#8230;<\/p>\n","protected":false},"author":1,"featured_media":0,"parent":0,"menu_order":0,"comment_status":"closed","ping_status":"closed","template":"","meta":{"_acf_changed":false,"footnotes":""},"class_list":["post-449","page","type-page","status-publish","hentry"],"acf":[],"yoast_head":"<!-- This site is optimized with the Yoast SEO plugin v27.4 - https:\/\/yoast.com\/product\/yoast-seo-wordpress\/ -->\n<title>Pubblico - TechTransfer INFN<\/title>\n<meta name=\"robots\" content=\"index, follow, max-snippet:-1, max-image-preview:large, max-video-preview:-1\" \/>\n<link rel=\"canonical\" href=\"https:\/\/web.infn.it\/TechTransfer\/pubblico\/\" \/>\n<meta property=\"og:locale\" content=\"it_IT\" \/>\n<meta property=\"og:type\" content=\"article\" \/>\n<meta property=\"og:title\" content=\"Pubblico - TechTransfer INFN\" \/>\n<meta property=\"og:description\" content=\"[vc_row css_animation=&#8221;&#8221; row_type=&#8221;row&#8221; use_row_as_full_screen_section=&#8221;no&#8221; type=&#8221;grid&#8221; angled_section=&#8221;no&#8221; text_align=&#8221;left&#8221; background_image_as_pattern=&#8221;without_pattern&#8221; z_index=&#8221;&#8221;][vc_column width=&#8221;2\/3&#8243;][vc_empty_space height=&#8221;16px&#8221;][vc_column_text]L&#8217;INFN \u00e8 l&#8217;Ente di ricerca italiano che, con una rete scientifica distribuita su tutto il territorio nazionale, studia i costituenti fondamentali della materia attraverso lo sviluppo di strumenti e attrezzature dall\u2019elevato contenuto tecnologico. L\u2019innovazione generata...\" \/>\n<meta property=\"og:url\" content=\"https:\/\/web.infn.it\/TechTransfer\/pubblico\/\" \/>\n<meta property=\"og:site_name\" content=\"TechTransfer INFN\" \/>\n<meta property=\"article:publisher\" content=\"https:\/\/www.facebook.com\/IstitutoFisicaNucleare\/\" \/>\n<meta property=\"article:modified_time\" content=\"2026-01-12T13:51:02+00:00\" \/>\n<meta property=\"og:image\" content=\"https:\/\/web.infn.it\/TechTransfer\/wp-content\/uploads\/2024\/04\/asimmetrie-35-cover-interna.jpg\" \/>\n<meta name=\"twitter:card\" content=\"summary_large_image\" \/>\n<meta name=\"twitter:label1\" content=\"Tempo di lettura stimato\" \/>\n\t<meta name=\"twitter:data1\" content=\"4 minuti\" \/>\n<script type=\"application\/ld+json\" class=\"yoast-schema-graph\">{\"@context\":\"https:\\\/\\\/schema.org\",\"@graph\":[{\"@type\":\"WebPage\",\"@id\":\"https:\\\/\\\/web.infn.it\\\/TechTransfer\\\/pubblico\\\/\",\"url\":\"https:\\\/\\\/web.infn.it\\\/TechTransfer\\\/pubblico\\\/\",\"name\":\"Pubblico - TechTransfer INFN\",\"isPartOf\":{\"@id\":\"https:\\\/\\\/web.infn.it\\\/TechTransfer\\\/#website\"},\"primaryImageOfPage\":{\"@id\":\"https:\\\/\\\/web.infn.it\\\/TechTransfer\\\/pubblico\\\/#primaryimage\"},\"image\":{\"@id\":\"https:\\\/\\\/web.infn.it\\\/TechTransfer\\\/pubblico\\\/#primaryimage\"},\"thumbnailUrl\":\"https:\\\/\\\/web.infn.it\\\/TechTransfer\\\/wp-content\\\/uploads\\\/2024\\\/04\\\/asimmetrie-35-cover-interna.jpg\",\"datePublished\":\"2023-11-20T18:59:58+00:00\",\"dateModified\":\"2026-01-12T13:51:02+00:00\",\"inLanguage\":\"it-IT\",\"potentialAction\":[{\"@type\":\"ReadAction\",\"target\":[\"https:\\\/\\\/web.infn.it\\\/TechTransfer\\\/pubblico\\\/\"]}]},{\"@type\":\"ImageObject\",\"inLanguage\":\"it-IT\",\"@id\":\"https:\\\/\\\/web.infn.it\\\/TechTransfer\\\/pubblico\\\/#primaryimage\",\"url\":\"https:\\\/\\\/web.infn.it\\\/TechTransfer\\\/wp-content\\\/uploads\\\/2024\\\/04\\\/asimmetrie-35-cover-interna.jpg\",\"contentUrl\":\"https:\\\/\\\/web.infn.it\\\/TechTransfer\\\/wp-content\\\/uploads\\\/2024\\\/04\\\/asimmetrie-35-cover-interna.jpg\",\"width\":275,\"height\":107},{\"@type\":\"WebSite\",\"@id\":\"https:\\\/\\\/web.infn.it\\\/TechTransfer\\\/#website\",\"url\":\"https:\\\/\\\/web.infn.it\\\/TechTransfer\\\/\",\"name\":\"INFN Trasferimento Tecnologico\",\"description\":\"Trasferimento Tecnologico | Istituto Nazionale Fisica Nucleare\",\"potentialAction\":[{\"@type\":\"SearchAction\",\"target\":{\"@type\":\"EntryPoint\",\"urlTemplate\":\"https:\\\/\\\/web.infn.it\\\/TechTransfer\\\/?s={search_term_string}\"},\"query-input\":{\"@type\":\"PropertyValueSpecification\",\"valueRequired\":true,\"valueName\":\"search_term_string\"}}],\"inLanguage\":\"it-IT\"}]}<\/script>\n<!-- \/ Yoast SEO plugin. -->","yoast_head_json":{"title":"Pubblico - TechTransfer INFN","robots":{"index":"index","follow":"follow","max-snippet":"max-snippet:-1","max-image-preview":"max-image-preview:large","max-video-preview":"max-video-preview:-1"},"canonical":"https:\/\/web.infn.it\/TechTransfer\/pubblico\/","og_locale":"it_IT","og_type":"article","og_title":"Pubblico - TechTransfer INFN","og_description":"[vc_row css_animation=&#8221;&#8221; row_type=&#8221;row&#8221; use_row_as_full_screen_section=&#8221;no&#8221; type=&#8221;grid&#8221; angled_section=&#8221;no&#8221; text_align=&#8221;left&#8221; background_image_as_pattern=&#8221;without_pattern&#8221; z_index=&#8221;&#8221;][vc_column width=&#8221;2\/3&#8243;][vc_empty_space height=&#8221;16px&#8221;][vc_column_text]L&#8217;INFN \u00e8 l&#8217;Ente di ricerca italiano che, con una rete scientifica distribuita su tutto il territorio nazionale, studia i costituenti fondamentali della materia attraverso lo sviluppo di strumenti e attrezzature dall\u2019elevato contenuto tecnologico. L\u2019innovazione generata...","og_url":"https:\/\/web.infn.it\/TechTransfer\/pubblico\/","og_site_name":"TechTransfer INFN","article_publisher":"https:\/\/www.facebook.com\/IstitutoFisicaNucleare\/","article_modified_time":"2026-01-12T13:51:02+00:00","og_image":[{"url":"https:\/\/web.infn.it\/TechTransfer\/wp-content\/uploads\/2024\/04\/asimmetrie-35-cover-interna.jpg","type":"","width":"","height":""}],"twitter_card":"summary_large_image","twitter_misc":{"Tempo di lettura stimato":"4 minuti"},"schema":{"@context":"https:\/\/schema.org","@graph":[{"@type":"WebPage","@id":"https:\/\/web.infn.it\/TechTransfer\/pubblico\/","url":"https:\/\/web.infn.it\/TechTransfer\/pubblico\/","name":"Pubblico - TechTransfer INFN","isPartOf":{"@id":"https:\/\/web.infn.it\/TechTransfer\/#website"},"primaryImageOfPage":{"@id":"https:\/\/web.infn.it\/TechTransfer\/pubblico\/#primaryimage"},"image":{"@id":"https:\/\/web.infn.it\/TechTransfer\/pubblico\/#primaryimage"},"thumbnailUrl":"https:\/\/web.infn.it\/TechTransfer\/wp-content\/uploads\/2024\/04\/asimmetrie-35-cover-interna.jpg","datePublished":"2023-11-20T18:59:58+00:00","dateModified":"2026-01-12T13:51:02+00:00","inLanguage":"it-IT","potentialAction":[{"@type":"ReadAction","target":["https:\/\/web.infn.it\/TechTransfer\/pubblico\/"]}]},{"@type":"ImageObject","inLanguage":"it-IT","@id":"https:\/\/web.infn.it\/TechTransfer\/pubblico\/#primaryimage","url":"https:\/\/web.infn.it\/TechTransfer\/wp-content\/uploads\/2024\/04\/asimmetrie-35-cover-interna.jpg","contentUrl":"https:\/\/web.infn.it\/TechTransfer\/wp-content\/uploads\/2024\/04\/asimmetrie-35-cover-interna.jpg","width":275,"height":107},{"@type":"WebSite","@id":"https:\/\/web.infn.it\/TechTransfer\/#website","url":"https:\/\/web.infn.it\/TechTransfer\/","name":"INFN Trasferimento Tecnologico","description":"Trasferimento Tecnologico | Istituto Nazionale Fisica Nucleare","potentialAction":[{"@type":"SearchAction","target":{"@type":"EntryPoint","urlTemplate":"https:\/\/web.infn.it\/TechTransfer\/?s={search_term_string}"},"query-input":{"@type":"PropertyValueSpecification","valueRequired":true,"valueName":"search_term_string"}}],"inLanguage":"it-IT"}]}},"_links":{"self":[{"href":"https:\/\/web.infn.it\/TechTransfer\/wp-json\/wp\/v2\/pages\/449","targetHints":{"allow":["GET"]}}],"collection":[{"href":"https:\/\/web.infn.it\/TechTransfer\/wp-json\/wp\/v2\/pages"}],"about":[{"href":"https:\/\/web.infn.it\/TechTransfer\/wp-json\/wp\/v2\/types\/page"}],"author":[{"embeddable":true,"href":"https:\/\/web.infn.it\/TechTransfer\/wp-json\/wp\/v2\/users\/1"}],"replies":[{"embeddable":true,"href":"https:\/\/web.infn.it\/TechTransfer\/wp-json\/wp\/v2\/comments?post=449"}],"version-history":[{"count":21,"href":"https:\/\/web.infn.it\/TechTransfer\/wp-json\/wp\/v2\/pages\/449\/revisions"}],"predecessor-version":[{"id":4001,"href":"https:\/\/web.infn.it\/TechTransfer\/wp-json\/wp\/v2\/pages\/449\/revisions\/4001"}],"wp:attachment":[{"href":"https:\/\/web.infn.it\/TechTransfer\/wp-json\/wp\/v2\/media?parent=449"}],"curies":[{"name":"wp","href":"https:\/\/api.w.org\/{rel}","templated":true}]}}