{"id":39,"date":"2025-12-09T18:37:06","date_gmt":"2025-12-09T17:37:06","guid":{"rendered":"https:\/\/web.infn.it\/dadovevengonoicolori\/?page_id=39"},"modified":"2026-04-18T08:39:39","modified_gmt":"2026-04-18T06:39:39","slug":"sabato-6-dicembre-2025","status":"publish","type":"page","link":"https:\/\/web.infn.it\/dadovevengonoicolori\/sabato-6-dicembre-2025\/","title":{"rendered":"Sabato 6 Dicembre 2025"},"content":{"rendered":"\n<div class=\"wp-block-group is-layout-grid wp-container-core-group-is-layout-b757edec wp-block-group-is-layout-grid\">\n<h2 class=\"wp-block-heading has-text-align-right\"><strong>un&#8217;idea di <\/strong><\/h2>\n\n\n\n<div class=\"wp-block-group is-vertical is-layout-flex wp-container-core-group-is-layout-e634932f wp-block-group-is-layout-flex\">\n<h2 class=\"wp-block-heading has-text-align-left\"><strong>Roberto Preghenella<\/strong><\/h2>\n\n\n\n<p>INFN Sezione di Bologna<\/p>\n<\/div>\n\n\n\n<h2 class=\"wp-block-heading has-text-align-right\"><strong>realizzata da<\/strong><\/h2>\n<\/div>\n\n\n\n<div class=\"wp-block-group is-layout-grid wp-container-core-group-is-layout-b757edec wp-block-group-is-layout-grid\">\n<div class=\"wp-block-group is-vertical is-layout-flex wp-container-core-group-is-layout-4b827052 wp-block-group-is-layout-flex\">\n<h2 class=\"wp-block-heading\">Roberto Preghenella<\/h2>\n\n\n\n<h4 class=\"wp-block-heading is-style-default\" style=\"font-style:normal;font-weight:300\">INFN Sezione di Bologna<\/h4>\n<\/div>\n\n\n\n<div class=\"wp-block-group is-vertical is-layout-flex wp-container-core-group-is-layout-98bb686d wp-block-group-is-layout-flex\">\n<div class=\"wp-block-group is-vertical is-layout-flex wp-container-core-group-is-layout-4b827052 wp-block-group-is-layout-flex\">\n<h2 class=\"wp-block-heading\">Nicol\u00f2 Jacazio<\/h2>\n\n\n\n<h4 class=\"wp-block-heading is-style-default\" style=\"font-style:normal;font-weight:300\">Universit\u00e0 del Piemonte Orientale<\/h4>\n<\/div>\n\n\n\n<div class=\"wp-block-group is-vertical is-layout-flex wp-container-core-group-is-layout-4b827052 wp-block-group-is-layout-flex\">\n<h2 class=\"wp-block-heading\">Marta Ruspa<\/h2>\n\n\n\n<h4 class=\"wp-block-heading is-style-default\" style=\"font-style:normal;font-weight:300\">Universit\u00e0 del Piemonte Orientale<\/h4>\n<\/div>\n<\/div>\n\n\n\n<h2 class=\"wp-block-heading has-text-align-right\"><strong>destinatari<\/strong><\/h2>\n\n\n\n<div class=\"wp-block-group is-vertical is-layout-flex wp-container-core-group-is-layout-98bb686d wp-block-group-is-layout-flex\">\n<div class=\"wp-block-group is-vertical is-layout-flex wp-container-core-group-is-layout-4b827052 wp-block-group-is-layout-flex\">\n<h2 class=\"wp-block-heading\">famiglie con bambini e bambine<\/h2>\n\n\n\n<h4 class=\"wp-block-heading is-style-default\" style=\"font-style:normal;font-weight:300\">et\u00e0 dai 5 agli 11 anni, circa<\/h4>\n<\/div>\n<\/div>\n\n\n\n<h2 class=\"wp-block-heading has-text-align-right\"><strong>evento gratuito<\/strong><\/h2>\n\n\n\n<div class=\"wp-block-group is-vertical is-layout-flex wp-container-core-group-is-layout-98bb686d wp-block-group-is-layout-flex\">\n<div class=\"wp-block-group is-vertical is-layout-flex wp-container-core-group-is-layout-4b827052 wp-block-group-is-layout-flex\">\n<h2 class=\"wp-block-heading\">6 dicembre 2025<\/h2>\n\n\n\n<h4 class=\"wp-block-heading is-style-default\" style=\"font-style:normal;font-weight:300\">dalle 14:30 alle 18:30<\/h4>\n\n\n\n<h4 class=\"wp-block-heading is-style-default\" style=\"font-style:normal;font-weight:300\">Biblioteca Salaborsa, Bologna<\/h4>\n<\/div>\n<\/div>\n\n\n\n<h2 class=\"wp-block-heading has-text-align-right\"><strong>organizzato da<\/strong><\/h2>\n\n\n\n<div class=\"wp-block-group is-vertical is-layout-flex wp-container-core-group-is-layout-98bb686d wp-block-group-is-layout-flex\">\n<div class=\"wp-block-group is-vertical is-layout-flex wp-container-core-group-is-layout-4b827052 wp-block-group-is-layout-flex\">\n<h2 class=\"wp-block-heading\">Istituto Nazionale di Fisica Nucleare, Sezione di Bologna<\/h2>\n\n\n\n<h4 class=\"wp-block-heading is-style-default\" style=\"font-style:normal;font-weight:300\"><\/h4>\n<\/div>\n<\/div>\n\n\n\n<h2 class=\"wp-block-heading has-text-align-right wp-container-content-5e2576f9\"><strong>con il patrocinio di<\/strong><\/h2>\n\n\n\n<div class=\"wp-block-group is-vertical is-layout-flex wp-container-core-group-is-layout-98bb686d wp-block-group-is-layout-flex\">\n<div class=\"wp-block-group is-vertical is-layout-flex wp-container-core-group-is-layout-4b827052 wp-block-group-is-layout-flex\">\n<h2 class=\"wp-block-heading\">Comune di Bologna<\/h2>\n\n\n\n<h4 class=\"wp-block-heading is-style-default\" style=\"font-style:normal;font-weight:300\"><\/h4>\n<\/div>\n\n\n\n<div class=\"wp-block-group is-vertical is-layout-flex wp-container-core-group-is-layout-4b827052 wp-block-group-is-layout-flex\">\n<h2 class=\"wp-block-heading\">Biblioteca Salaborsa<\/h2>\n\n\n\n<h4 class=\"wp-block-heading is-style-default\" style=\"font-style:normal;font-weight:300\"><\/h4>\n<\/div>\n\n\n\n<div class=\"wp-block-group is-vertical is-layout-flex wp-container-core-group-is-layout-4b827052 wp-block-group-is-layout-flex\">\n<h2 class=\"wp-block-heading\">Dipartimento di Fisica e Astronomia &#8220;Augusto Righi&#8221;<\/h2>\n\n\n\n<h4 class=\"wp-block-heading is-style-default\" style=\"font-style:normal;font-weight:300\">Alma Mater Studiorum Universit\u00e0 di Bologna<\/h4>\n<\/div>\n\n\n\n<div class=\"wp-block-group is-vertical is-layout-flex wp-container-core-group-is-layout-4b827052 wp-block-group-is-layout-flex\">\n<h2 class=\"wp-block-heading\">Dipartimento di Chimica Industriale &#8220;Toso Montanari&#8221;<\/h2>\n\n\n\n<h4 class=\"wp-block-heading is-style-default\" style=\"font-style:normal;font-weight:300\">Alma Mater Studiorum Universit\u00e0 di Bologna<\/h4>\n<\/div>\n\n\n\n<div class=\"wp-block-group is-vertical is-layout-flex wp-container-core-group-is-layout-4b827052 wp-block-group-is-layout-flex\">\n<h2 class=\"wp-block-heading\">Universit\u00e0 del Piemonte Orientale<\/h2>\n\n\n\n<h4 class=\"wp-block-heading is-style-default\" style=\"font-style:normal;font-weight:300\"><\/h4>\n<\/div>\n\n\n\n<div class=\"wp-block-group is-vertical is-layout-flex wp-container-core-group-is-layout-4b827052 wp-block-group-is-layout-flex\">\n<h2 class=\"wp-block-heading\">SIF Societ\u00e0 Italiana di Fisica <\/h2>\n\n\n\n<h4 class=\"wp-block-heading is-style-default\" style=\"font-style:normal;font-weight:300\"><\/h4>\n<\/div>\n<\/div>\n\n\n\n<h2 class=\"wp-block-heading has-text-align-right\"><strong>in collaborazione con<\/strong><\/h2>\n\n\n\n<div class=\"wp-block-group is-vertical is-layout-flex wp-container-core-group-is-layout-98bb686d wp-block-group-is-layout-flex\">\n<div class=\"wp-block-group is-vertical is-layout-flex wp-container-core-group-is-layout-4b827052 wp-block-group-is-layout-flex\">\n<h2 class=\"wp-block-heading\"><a href=\"https:\/\/web.infn.it\/photondetectors2025\">PD2025<\/a><\/h2>\n\n\n\n<h4 class=\"wp-block-heading is-style-default\" style=\"font-style:normal;font-weight:300\">7th international workshop on new Photon-Detectors (PD2025)<\/h4>\n<\/div>\n\n\n\n<div class=\"wp-block-group is-vertical is-layout-flex wp-container-core-group-is-layout-4b827052 wp-block-group-is-layout-flex\">\n<h2 class=\"wp-block-heading\"><a href=\"https:\/\/eic-it.infn.it\/\">ePIC Italia<\/a> Outreach Group<\/h2>\n\n\n\n<h4 class=\"wp-block-heading is-style-default\" style=\"font-style:normal;font-weight:300\">The ePIC Italia Collaboration at the Electron-Ion Collider<\/h4>\n<\/div>\n\n\n\n<div class=\"wp-block-group is-vertical is-layout-flex wp-container-core-group-is-layout-4b827052 wp-block-group-is-layout-flex\">\n<h2 class=\"wp-block-heading\">progetto <a href=\"https:\/\/site.unibo.it\/invisibili\/it\">inVISIBILI <\/a><\/h2>\n\n\n\n<h4 class=\"wp-block-heading is-style-default\" style=\"font-style:normal;font-weight:300\">Dipartimento di Fisica e Astronomia, UniBo<\/h4>\n<\/div>\n\n\n\n<div class=\"wp-block-group is-vertical is-layout-flex wp-container-core-group-is-layout-4b827052 wp-block-group-is-layout-flex\">\n<h2 class=\"wp-block-heading\">progetto <a href=\"https:\/\/eventi.unibo.it\/chimindarte\">CHimInDArTe <\/a><\/h2>\n\n\n\n<h4 class=\"wp-block-heading is-style-default\" style=\"font-style:normal;font-weight:300\">Dipartimento di Chimica Industriale, UniBo<\/h4>\n<\/div>\n<\/div>\n\n\n\n<h2 class=\"wp-block-heading has-text-align-right\"><strong>con la partecipazione di<\/strong><\/h2>\n\n\n\n<div class=\"wp-block-group is-vertical is-layout-flex wp-container-core-group-is-layout-98bb686d wp-block-group-is-layout-flex\">\n<div class=\"wp-block-group is-vertical is-layout-flex wp-container-core-group-is-layout-4b827052 wp-block-group-is-layout-flex\">\n<h2 class=\"wp-block-heading\">Antonio Paladino<\/h2>\n\n\n\n<h2 class=\"wp-block-heading\">Nicola Rubini<\/h2>\n\n\n\n<h4 class=\"wp-block-heading is-style-default\" style=\"font-style:normal;font-weight:300\">Istituto Nazionale di Fisica Nucleare, Sezione di Bologna<\/h4>\n<\/div>\n\n\n\n<div class=\"wp-block-group is-vertical is-layout-flex wp-container-core-group-is-layout-4b827052 wp-block-group-is-layout-flex\">\n<h2 class=\"wp-block-heading\">Franesca Bellini<\/h2>\n\n\n\n<h2 class=\"wp-block-heading\">Andrea Ciavatti<br>Francesca Ercolessi<\/h2>\n\n\n\n<h2 class=\"wp-block-heading\">Gaia Fabbri<br>Gleb Romanenko<\/h2>\n\n\n\n<h2 class=\"wp-block-heading\">Edoardo Rovati<\/h2>\n\n\n\n<h4 class=\"wp-block-heading is-style-default\" style=\"font-style:normal;font-weight:300\">Dipartimento di Fisica e Astronomia, UniBo<\/h4>\n<\/div>\n\n\n\n<div class=\"wp-block-group is-vertical is-layout-flex wp-container-core-group-is-layout-4b827052 wp-block-group-is-layout-flex\">\n<h2 class=\"wp-block-heading\">Tiziana Benelli<\/h2>\n\n\n\n<h2 class=\"wp-block-heading\">Stefano Cerini<\/h2>\n\n\n\n<h2 class=\"wp-block-heading\">Riccardo Fabbri<\/h2>\n\n\n\n<h2 class=\"wp-block-heading\">Giovanni Fragale<\/h2>\n\n\n\n<h2 class=\"wp-block-heading\">Umberto Liotard<\/h2>\n\n\n\n<h2 class=\"wp-block-heading\">Rita Mazzoni<\/h2>\n\n\n\n<h2 class=\"wp-block-heading\">Lorenzo di Terlizzi<\/h2>\n\n\n\n<h4 class=\"wp-block-heading is-style-default\" style=\"font-style:normal;font-weight:300\">Dipartimento di Chimica Industriale, UniBo<\/h4>\n<\/div>\n<\/div>\n<\/div>\n","protected":false},"excerpt":{"rendered":"<p>un&#8217;idea di Roberto Preghenella INFN Sezione di Bologna realizzata da Roberto Preghenella INFN Sezione di Bologna Nicol\u00f2 Jacazio Universit\u00e0 del Piemonte Orientale Marta Ruspa Universit\u00e0 del Piemonte Orientale destinatari famiglie con bambini e bambine et\u00e0 dai 5 agli 11 anni, circa evento gratuito 6 dicembre 2025 dalle 14:30 alle 18:30 Biblioteca Salaborsa, Bologna organizzato da [&hellip;]<\/p>\n","protected":false},"author":2,"featured_media":46,"parent":0,"menu_order":0,"comment_status":"closed","ping_status":"closed","template":"","meta":{"footnotes":""},"class_list":["post-39","page","type-page","status-publish","has-post-thumbnail","hentry"],"_links":{"self":[{"href":"https:\/\/web.infn.it\/dadovevengonoicolori\/wp-json\/wp\/v2\/pages\/39","targetHints":{"allow":["GET"]}}],"collection":[{"href":"https:\/\/web.infn.it\/dadovevengonoicolori\/wp-json\/wp\/v2\/pages"}],"about":[{"href":"https:\/\/web.infn.it\/dadovevengonoicolori\/wp-json\/wp\/v2\/types\/page"}],"author":[{"embeddable":true,"href":"https:\/\/web.infn.it\/dadovevengonoicolori\/wp-json\/wp\/v2\/users\/2"}],"replies":[{"embeddable":true,"href":"https:\/\/web.infn.it\/dadovevengonoicolori\/wp-json\/wp\/v2\/comments?post=39"}],"version-history":[{"count":3,"href":"https:\/\/web.infn.it\/dadovevengonoicolori\/wp-json\/wp\/v2\/pages\/39\/revisions"}],"predecessor-version":[{"id":66,"href":"https:\/\/web.infn.it\/dadovevengonoicolori\/wp-json\/wp\/v2\/pages\/39\/revisions\/66"}],"wp:featuredmedia":[{"embeddable":true,"href":"https:\/\/web.infn.it\/dadovevengonoicolori\/wp-json\/wp\/v2\/media\/46"}],"wp:attachment":[{"href":"https:\/\/web.infn.it\/dadovevengonoicolori\/wp-json\/wp\/v2\/media?parent=39"}],"curies":[{"name":"wp","href":"https:\/\/api.w.org\/{rel}","templated":true}]}}