{"id":21,"date":"2025-09-22T20:37:11","date_gmt":"2025-09-22T18:37:11","guid":{"rendered":"https:\/\/web.infn.it\/game\/?page_id=21"},"modified":"2026-03-16T11:04:29","modified_gmt":"2026-03-16T10:04:29","slug":"game-giochi-venti_minuti","status":"publish","type":"page","link":"https:\/\/web.infn.it\/game\/game-giochi-venti_minuti\/","title":{"rendered":"I primi 20 minuti"},"content":{"rendered":"\n<div class=\"wp-block-cover alignfull has-custom-content-position is-position-bottom-center\" style=\"border-style:none;border-width:0px;border-radius:0px;margin-top:0;margin-bottom:0;padding-top:var(--wp--preset--spacing--60);padding-right:var(--wp--preset--spacing--50);padding-bottom:var(--wp--preset--spacing--60);padding-left:var(--wp--preset--spacing--50);min-height:840px;aspect-ratio:unset;\"><img loading=\"lazy\" decoding=\"async\" width=\"1024\" height=\"837\" class=\"wp-block-cover__image-background wp-image-249 size-large\" alt=\"\" src=\"https:\/\/web.infn.it\/game\/wp-content\/uploads\/2025\/09\/primi_20_min-1024x837.png\" style=\"object-position:50% 87%\" data-object-fit=\"cover\" data-object-position=\"50% 87%\" srcset=\"https:\/\/web.infn.it\/game\/wp-content\/uploads\/2025\/09\/primi_20_min-1024x837.png 1024w, https:\/\/web.infn.it\/game\/wp-content\/uploads\/2025\/09\/primi_20_min-300x245.png 300w, https:\/\/web.infn.it\/game\/wp-content\/uploads\/2025\/09\/primi_20_min-768x628.png 768w, https:\/\/web.infn.it\/game\/wp-content\/uploads\/2025\/09\/primi_20_min.png 1116w\" sizes=\"auto, (max-width: 1024px) 100vw, 1024px\" \/><span aria-hidden=\"true\" class=\"wp-block-cover__background has-background-dim-0 has-background-dim\" style=\"background-color:#776972\"><\/span><div class=\"wp-block-cover__inner-container has-global-padding is-layout-constrained wp-container-core-cover-is-layout-d8ea8107 wp-block-cover-is-layout-constrained\">\n<p><\/p>\n<\/div><\/div>\n\n\n\n<div class=\"wp-block-group alignfull is-style-section-5 has-global-padding is-layout-constrained wp-block-group-is-layout-constrained is-style-section-5--1\" style=\"margin-top:0;margin-bottom:0;padding-top:var(--wp--preset--spacing--50);padding-bottom:var(--wp--preset--spacing--50)\">\n<div class=\"wp-block-columns alignwide is-layout-flex wp-container-core-columns-is-layout-7ee84d44 wp-block-columns-is-layout-flex\">\n<div class=\"wp-block-column is-vertically-aligned-center is-layout-flow wp-block-column-is-layout-flow\" style=\"flex-basis:50%\">\n<h2 class=\"wp-block-heading\">I PRIMI 20 MINUTI<\/h2>\n\n\n\n<p class=\"has-medium-font-size\">In questo gioco, i giocatori svilupperanno il loro universo personale durante i primi 20 minuti dopo il Big Bang. Lo scopo \u00e8 quello di far evolvere il proprio universo attraverso varie fasi, cercando di formare neutroni, protoni e nuclei leggeri. Obiettivo finale \u00e8 quello di costruire il primo nucleo di Elio, uno degli elementi pi\u00f9 importanti nell&#8217;evoluzione dell&#8217;universo. <\/p>\n<\/div>\n\n\n\n<div class=\"wp-block-column is-vertically-aligned-center is-layout-flow wp-block-column-is-layout-flow\" style=\"flex-basis:50%\">\n<figure class=\"wp-block-image size-full\"><img loading=\"lazy\" decoding=\"async\" width=\"2560\" height=\"1920\" src=\"https:\/\/web.infn.it\/game\/wp-content\/uploads\/2025\/09\/IMG_20250404_114146_pixel-scaled.jpg\" alt=\"\" class=\"wp-image-247\" style=\"aspect-ratio:1;object-fit:cover\" srcset=\"https:\/\/web.infn.it\/game\/wp-content\/uploads\/2025\/09\/IMG_20250404_114146_pixel-scaled.jpg 2560w, https:\/\/web.infn.it\/game\/wp-content\/uploads\/2025\/09\/IMG_20250404_114146_pixel-1536x1152.jpg 1536w, https:\/\/web.infn.it\/game\/wp-content\/uploads\/2025\/09\/IMG_20250404_114146_pixel-2048x1536.jpg 2048w, https:\/\/web.infn.it\/game\/wp-content\/uploads\/2025\/09\/IMG_20250404_114146_pixel-300x225.jpg 300w, https:\/\/web.infn.it\/game\/wp-content\/uploads\/2025\/09\/IMG_20250404_114146_pixel-768x576.jpg 768w, https:\/\/web.infn.it\/game\/wp-content\/uploads\/2025\/09\/IMG_20250404_114146_pixel-1024x768.jpg 1024w\" sizes=\"auto, (max-width: 2560px) 100vw, 2560px\" \/><\/figure>\n<\/div>\n<\/div>\n<\/div>\n\n\n\n<div class=\"wp-block-group alignfull has-global-padding is-layout-constrained wp-block-group-is-layout-constrained\" style=\"margin-top:0;margin-bottom:0\">\n<div class=\"wp-block-group alignwide is-layout-grid wp-container-core-group-is-layout-5fdb10e5 wp-block-group-is-layout-grid\" style=\"padding-top:var(--wp--preset--spacing--50);padding-bottom:var(--wp--preset--spacing--50)\">\n<div class=\"wp-block-group is-vertical is-content-justification-stretch is-nowrap is-layout-flex wp-container-core-group-is-layout-627337ab wp-block-group-is-layout-flex\">\n<div class=\"wp-block-group is-vertical is-content-justification-left is-layout-flex wp-container-core-group-is-layout-dd225191 wp-block-group-is-layout-flex\">\n<p class=\"is-style-text-subtitle is-style-text-subtitle--2\">Tuttavia, la vittoria non spetter\u00e0 necessariamente a chi costruisce il nucleo per primo: il vincitore sar\u00e0 colui che accumuler\u00e0 il maggior numero di punti durante la partita, che possono essere guadagnati in vari modi, attraverso la creazione di altre particelle o il raggiungimento degli obiettivi.<\/p>\n<\/div>\n<\/div>\n\n\n\n<figure class=\"wp-block-image size-full wp-container-content-5fd69529\" style=\"margin-top:var(--wp--preset--spacing--50);margin-bottom:var(--wp--preset--spacing--50)\"><img loading=\"lazy\" decoding=\"async\" width=\"2560\" height=\"1809\" src=\"https:\/\/web.infn.it\/game\/wp-content\/uploads\/2025\/09\/plancia-giocatore-v4.4-scaled.jpg\" alt=\"\" class=\"wp-image-244\" style=\"object-fit:cover\" srcset=\"https:\/\/web.infn.it\/game\/wp-content\/uploads\/2025\/09\/plancia-giocatore-v4.4-scaled.jpg 2560w, https:\/\/web.infn.it\/game\/wp-content\/uploads\/2025\/09\/plancia-giocatore-v4.4-1536x1085.jpg 1536w, https:\/\/web.infn.it\/game\/wp-content\/uploads\/2025\/09\/plancia-giocatore-v4.4-2048x1447.jpg 2048w, https:\/\/web.infn.it\/game\/wp-content\/uploads\/2025\/09\/plancia-giocatore-v4.4-300x212.jpg 300w, https:\/\/web.infn.it\/game\/wp-content\/uploads\/2025\/09\/plancia-giocatore-v4.4-768x543.jpg 768w, https:\/\/web.infn.it\/game\/wp-content\/uploads\/2025\/09\/plancia-giocatore-v4.4-1024x723.jpg 1024w\" sizes=\"auto, (max-width: 2560px) 100vw, 2560px\" \/><\/figure>\n\n\n\n<figure class=\"wp-block-image size-large wp-container-content-5fd69529\" style=\"margin-right:182px;margin-left:182px\"><img loading=\"lazy\" decoding=\"async\" width=\"1024\" height=\"517\" src=\"https:\/\/web.infn.it\/game\/wp-content\/uploads\/2025\/09\/plancia-v4.4-1024x517.jpg\" alt=\"\" class=\"wp-image-243\" srcset=\"https:\/\/web.infn.it\/game\/wp-content\/uploads\/2025\/09\/plancia-v4.4-1024x517.jpg 1024w, https:\/\/web.infn.it\/game\/wp-content\/uploads\/2025\/09\/plancia-v4.4-1536x776.jpg 1536w, https:\/\/web.infn.it\/game\/wp-content\/uploads\/2025\/09\/plancia-v4.4-2048x1034.jpg 2048w, https:\/\/web.infn.it\/game\/wp-content\/uploads\/2025\/09\/plancia-v4.4-300x151.jpg 300w, https:\/\/web.infn.it\/game\/wp-content\/uploads\/2025\/09\/plancia-v4.4-768x388.jpg 768w\" sizes=\"auto, (max-width: 1024px) 100vw, 1024px\" \/><\/figure>\n\n\n\n<hr class=\"wp-block-separator has-alpha-channel-opacity\"\/>\n<\/div>\n\n\n\n<h2 class=\"wp-block-heading alignwide has-xx-large-font-size\">Credits<\/h2>\n\n\n\n<p>Gioco &#8211; Fabrizio Parodi e Carlo Schiavi<\/p>\n<\/div>\n\n\n\n<div class=\"wp-block-group alignfull has-global-padding is-layout-constrained wp-block-group-is-layout-constrained\" style=\"margin-top:0;margin-bottom:0\"><\/div>\n","protected":false},"excerpt":{"rendered":"<p>I PRIMI 20 MINUTI In questo gioco, i giocatori svilupperanno il loro universo personale durante i primi 20 minuti dopo il Big Bang. Lo scopo \u00e8 quello di far evolvere [&hellip;]<\/p>\n","protected":false},"author":5,"featured_media":0,"parent":0,"menu_order":0,"comment_status":"closed","ping_status":"closed","template":"","meta":{"_EventAllDay":false,"_EventTimezone":"","_EventStartDate":"","_EventEndDate":"","_EventStartDateUTC":"","_EventEndDateUTC":"","_EventShowMap":false,"_EventShowMapLink":false,"_EventURL":"","_EventCost":"","_EventCostDescription":"","_EventCurrencySymbol":"","_EventCurrencyCode":"","_EventCurrencyPosition":"","_EventDateTimeSeparator":"","_EventTimeRangeSeparator":"","_EventOrganizerID":[],"_EventVenueID":[],"_OrganizerEmail":"","_OrganizerPhone":"","_OrganizerWebsite":"","_VenueAddress":"","_VenueCity":"","_VenueCountry":"","_VenueProvince":"","_VenueState":"","_VenueZip":"","_VenuePhone":"","_VenueURL":"","_VenueStateProvince":"","_VenueLat":"","_VenueLng":"","_VenueShowMap":false,"_VenueShowMapLink":false,"footnotes":""},"class_list":["post-21","page","type-page","status-publish","hentry"],"_links":{"self":[{"href":"https:\/\/web.infn.it\/game\/wp-json\/wp\/v2\/pages\/21","targetHints":{"allow":["GET"]}}],"collection":[{"href":"https:\/\/web.infn.it\/game\/wp-json\/wp\/v2\/pages"}],"about":[{"href":"https:\/\/web.infn.it\/game\/wp-json\/wp\/v2\/types\/page"}],"author":[{"embeddable":true,"href":"https:\/\/web.infn.it\/game\/wp-json\/wp\/v2\/users\/5"}],"replies":[{"embeddable":true,"href":"https:\/\/web.infn.it\/game\/wp-json\/wp\/v2\/comments?post=21"}],"version-history":[{"count":16,"href":"https:\/\/web.infn.it\/game\/wp-json\/wp\/v2\/pages\/21\/revisions"}],"predecessor-version":[{"id":362,"href":"https:\/\/web.infn.it\/game\/wp-json\/wp\/v2\/pages\/21\/revisions\/362"}],"wp:attachment":[{"href":"https:\/\/web.infn.it\/game\/wp-json\/wp\/v2\/media?parent=21"}],"curies":[{"name":"wp","href":"https:\/\/api.w.org\/{rel}","templated":true}]}}