{"id":374,"date":"2023-05-04T21:02:43","date_gmt":"2023-05-04T19:02:43","guid":{"rendered":"https:\/\/web.infn.it\/hepscape\/?page_id=374"},"modified":"2024-01-10T13:38:24","modified_gmt":"2024-01-10T12:38:24","slug":"spinoff-del-progetto","status":"publish","type":"page","link":"https:\/\/web.infn.it\/hepscape\/spinoff-del-progetto\/","title":{"rendered":"Spinoff"},"content":{"rendered":"\n<div class=\"wp-block-group alignwide\"><div class=\"wp-block-group__inner-container is-layout-constrained wp-block-group-is-layout-constrained\">\n<p>Il progetto INFN HEPscape! ha recentemente varcato i confini nazionali, approdando in Finlandia, presso UNIVERSITY OF JYV\u00c4SKYL\u00c4 dove un energico gruppo di dottorandi e studenti ha tradotto e riprodotto l&#8217;attivit\u00e0.&nbsp; Maggiori dettagli nel men\u00f9 a tendina.<\/p>\n<p>&nbsp;<\/p>\n<\/div><\/div>\n\n\n\n<p><\/p>\n","protected":false},"excerpt":{"rendered":"","protected":false},"author":2,"featured_media":0,"parent":0,"menu_order":0,"comment_status":"closed","ping_status":"closed","template":"templates\/full-width-page.php","meta":{"ngg_post_thumbnail":0,"footnotes":""},"class_list":["post-374","page","type-page","status-publish","hentry"],"_links":{"self":[{"href":"https:\/\/web.infn.it\/hepscape\/wp-json\/wp\/v2\/pages\/374","targetHints":{"allow":["GET"]}}],"collection":[{"href":"https:\/\/web.infn.it\/hepscape\/wp-json\/wp\/v2\/pages"}],"about":[{"href":"https:\/\/web.infn.it\/hepscape\/wp-json\/wp\/v2\/types\/page"}],"author":[{"embeddable":true,"href":"https:\/\/web.infn.it\/hepscape\/wp-json\/wp\/v2\/users\/2"}],"replies":[{"embeddable":true,"href":"https:\/\/web.infn.it\/hepscape\/wp-json\/wp\/v2\/comments?post=374"}],"version-history":[{"count":12,"href":"https:\/\/web.infn.it\/hepscape\/wp-json\/wp\/v2\/pages\/374\/revisions"}],"predecessor-version":[{"id":850,"href":"https:\/\/web.infn.it\/hepscape\/wp-json\/wp\/v2\/pages\/374\/revisions\/850"}],"wp:attachment":[{"href":"https:\/\/web.infn.it\/hepscape\/wp-json\/wp\/v2\/media?parent=374"}],"curies":[{"name":"wp","href":"https:\/\/api.w.org\/{rel}","templated":true}]}}