{"id":1660,"date":"2021-12-08T07:55:00","date_gmt":"2021-12-08T06:55:00","guid":{"rendered":"https:\/\/web.infn.it\/infn-kids\/?page_id=1660"},"modified":"2021-12-08T07:55:00","modified_gmt":"2021-12-08T06:55:00","slug":"8-dicembre","status":"publish","type":"page","link":"https:\/\/web.infn.it\/infn-kids\/sample-page\/aspettando-il-natale-2021\/8-dicembre\/","title":{"rendered":"8 Dicembre"},"content":{"rendered":"\n<figure class=\"wp-block-image alignwide size-large\"><img loading=\"lazy\" decoding=\"async\" width=\"1024\" height=\"111\" src=\"https:\/\/web.infn.it\/infn-kids\/wp-content\/uploads\/2021\/12\/CorniceTemplate3_up-1024x111.png\" alt=\"\" class=\"wp-image-1564\" srcset=\"https:\/\/web.infn.it\/infn-kids\/wp-content\/uploads\/2021\/12\/CorniceTemplate3_up-1024x111.png 1024w, https:\/\/web.infn.it\/infn-kids\/wp-content\/uploads\/2021\/12\/CorniceTemplate3_up-1536x166.png 1536w, https:\/\/web.infn.it\/infn-kids\/wp-content\/uploads\/2021\/12\/CorniceTemplate3_up-300x33.png 300w, https:\/\/web.infn.it\/infn-kids\/wp-content\/uploads\/2021\/12\/CorniceTemplate3_up-768x83.png 768w, https:\/\/web.infn.it\/infn-kids\/wp-content\/uploads\/2021\/12\/CorniceTemplate3_up.png 1920w\" sizes=\"auto, (max-width: 1024px) 100vw, 1024px\" \/><\/figure>\n\n\n\n<h3 class=\"has-text-align-center has-text-color wp-block-heading\" style=\"color:#1c388b\">8 Dicembre<br>Lavoretto &#8211; scopriamo chi \u00e8 Marie Curie<\/h3>\n\n\n\n<div class=\"wp-block-columns is-layout-flex wp-container-core-columns-is-layout-9d6595d7 wp-block-columns-is-layout-flex\">\n<div class=\"wp-block-column is-layout-flow wp-block-column-is-layout-flow\" style=\"flex-basis:33.33%\">\n<figure class=\"wp-block-image size-medium\"><a href=\"https:\/\/web.infn.it\/infn-kids\/wp-content\/uploads\/2021\/12\/Curie_nocono.png\"><img loading=\"lazy\" decoding=\"async\" width=\"143\" height=\"300\" src=\"https:\/\/web.infn.it\/infn-kids\/wp-content\/uploads\/2021\/12\/Curie_nocono-143x300.png\" alt=\"\" class=\"wp-image-1658\" srcset=\"https:\/\/web.infn.it\/infn-kids\/wp-content\/uploads\/2021\/12\/Curie_nocono-143x300.png 143w, https:\/\/web.infn.it\/infn-kids\/wp-content\/uploads\/2021\/12\/Curie_nocono-489x1024.png 489w, https:\/\/web.infn.it\/infn-kids\/wp-content\/uploads\/2021\/12\/Curie_nocono.png 656w\" sizes=\"auto, (max-width: 143px) 100vw, 143px\" \/><\/a><\/figure>\n<\/div>\n\n\n\n<div class=\"wp-block-column is-layout-flow wp-block-column-is-layout-flow\" style=\"flex-basis:66.66%\">\n<p class=\"has-regular-font-size\">Marie Curie \u00e8 certamente la scienziata pi\u00f9 famosa di tutti i tempi e, tra tanti padri, viene considerata la \u201cmadre della fisica moderna\u201d, che nasce proprio con le sue scoperte sui nuclei atomici e la radioattivit\u00e0 naturale. Al suo lavoro e a quello del marito, Pierre Curie, si deve la scoperta del Polonio e del Radio, due degli elementi che si creano in seguito all\u2019emissione di particelle dai nuclei dell\u2019Uranio.<\/p>\n\n\n\n<p class=\"has-regular-font-size\">Marie, o meglio Marya &#8211; Manya come viene affettuosamente chiamata in famiglia &#8211; nasce nel 1867 a Varsavia, in Polonia. Il padre Wladyslaw Sklodowsky, che di mestiere fa l\u2019insegnante, le trasmette la passione per la ricerca, per la fisica e la chimica. Finite le scuole superiori, Marya stringe un patto con la sorella maggiore Bronya: lavorer\u00e0 come istitutrice per pagarle gli studi di medicina e, dopo la laurea, la sorella far\u00e0 altrettanto per lei. Il patto funziona e a 24 anni Marie entra come studentessa alla Sorbona. A Parigi, l\u2019incontro con Pierre Curie, gi\u00e0 celebre fisico, cambier\u00e0 per sempre le loro vite. Coppia nella vita e nella scienza, si dedicano con passione allo studio della radioattivit\u00e0 naturale. Proprio per questi studi, nel 1903 vincono il&nbsp; Premio Nobel per la fisica, insieme a un altro grande scienziato: Henri Becquerel. Ma ancora non basta, perch\u00e9 nel 1911 Marie vince anche quello per la chimica, per la scoperta del polonio e&nbsp; del radio. \u00c8 stata la prima persona a ricevere questo prestigioso premio per ben due volte!<br>Nel frattempo, Pierre \u00e8 scomparso in un tragico incidente stradale e Marie deve prendersi cura delle due figlie piccole, ma continua instancabile, caparbia e metodica, le sue ricerche.&nbsp;<\/p>\n\n\n\n<p class=\"has-regular-font-size\">Durante la Prima guerra mondiale, insieme alla figlia maggiore Ir\u00e8ne, allestisce le prime unit\u00e0 mobili di radiografia, diventate celebri col nome \u201cpetites Curie\u201d, da usare negli ospedali da campo. Lei stessa ne guider\u00e0 una per raggiungere le zone di guerra.<\/p>\n\n\n\n<p class=\"has-regular-font-size\">Marie muore nel 1934 a causa della sua prolungata esposizione alle radiazioni.<\/p>\n<\/div>\n<\/div>\n\n\n\n<p style=\"font-size:20px\">Con la sua forte personalit\u00e0, animata dalla passione per la scienza e da una convinzione incrollabile \u00e8 riuscita, per prima, a creare per le donne uno spazio nel mondo scientifico, lasciandolo dietro di s\u00e9 come preziosa eredit\u00e0.<\/p>\n\n\n\n<h4 class=\"has-text-color wp-block-heading\" style=\"color:#1c388b\">Pronti a trasformare il nostro disegno di Marie in una decorazione per l&#8217;albero di Natale? &nbsp;<\/h4>\n\n\n\n<p style=\"font-size:20px\"><a href=\"https:\/\/web.infn.it\/infn-kids\/wp-content\/uploads\/2021\/12\/Curie.pdf\">Scarica il disegno<\/a>, colora, ritaglia e incolla: una nuova decorazione per l&#8217;albero di Natale scientifico \u00e8 pronta! <\/p>\n\n\n\n<h4 class=\"wp-block-heading\"><a href=\"https:\/\/web.infn.it\/infn-kids\/sample-page\/aspettando-il-natale-2021\/\">Per tornare al calendario<\/a><\/h4>\n\n\n\n<figure class=\"wp-block-image alignwide size-large\"><img loading=\"lazy\" decoding=\"async\" width=\"1024\" height=\"135\" src=\"https:\/\/web.infn.it\/infn-kids\/wp-content\/uploads\/2021\/12\/CorniceTemplate3_bottom-1024x135.png\" alt=\"\" class=\"wp-image-1567\" srcset=\"https:\/\/web.infn.it\/infn-kids\/wp-content\/uploads\/2021\/12\/CorniceTemplate3_bottom-1024x135.png 1024w, https:\/\/web.infn.it\/infn-kids\/wp-content\/uploads\/2021\/12\/CorniceTemplate3_bottom-1536x203.png 1536w, https:\/\/web.infn.it\/infn-kids\/wp-content\/uploads\/2021\/12\/CorniceTemplate3_bottom-300x40.png 300w, https:\/\/web.infn.it\/infn-kids\/wp-content\/uploads\/2021\/12\/CorniceTemplate3_bottom-768x102.png 768w, https:\/\/web.infn.it\/infn-kids\/wp-content\/uploads\/2021\/12\/CorniceTemplate3_bottom.png 1920w\" sizes=\"auto, (max-width: 1024px) 100vw, 1024px\" \/><\/figure>\n","protected":false},"excerpt":{"rendered":"<p>8 DicembreLavoretto &#8211; scopriamo chi \u00e8 Marie Curie Marie Curie \u00e8 certamente la scienziata pi\u00f9 famosa di tutti i tempi e, tra tanti padri, viene considerata la \u201cmadre della fisica moderna\u201d, che nasce proprio con le sue scoperte sui nuclei atomici e la radioattivit\u00e0 naturale. Al suo lavoro e a quello del marito, Pierre Curie, &hellip; <\/p>\n<p class=\"link-more\"><a href=\"https:\/\/web.infn.it\/infn-kids\/sample-page\/aspettando-il-natale-2021\/8-dicembre\/\" class=\"more-link\">Continue reading<span class=\"screen-reader-text\"> &#8220;8 Dicembre&#8221;<\/span><\/a><\/p>\n","protected":false},"author":2,"featured_media":1436,"parent":1306,"menu_order":0,"comment_status":"closed","ping_status":"closed","template":"","meta":{"footnotes":""},"class_list":["post-1660","page","type-page","status-publish","has-post-thumbnail","hentry"],"_links":{"self":[{"href":"https:\/\/web.infn.it\/infn-kids\/wp-json\/wp\/v2\/pages\/1660","targetHints":{"allow":["GET"]}}],"collection":[{"href":"https:\/\/web.infn.it\/infn-kids\/wp-json\/wp\/v2\/pages"}],"about":[{"href":"https:\/\/web.infn.it\/infn-kids\/wp-json\/wp\/v2\/types\/page"}],"author":[{"embeddable":true,"href":"https:\/\/web.infn.it\/infn-kids\/wp-json\/wp\/v2\/users\/2"}],"replies":[{"embeddable":true,"href":"https:\/\/web.infn.it\/infn-kids\/wp-json\/wp\/v2\/comments?post=1660"}],"version-history":[{"count":0,"href":"https:\/\/web.infn.it\/infn-kids\/wp-json\/wp\/v2\/pages\/1660\/revisions"}],"up":[{"embeddable":true,"href":"https:\/\/web.infn.it\/infn-kids\/wp-json\/wp\/v2\/pages\/1306"}],"wp:featuredmedia":[{"embeddable":true,"href":"https:\/\/web.infn.it\/infn-kids\/wp-json\/wp\/v2\/media\/1436"}],"wp:attachment":[{"href":"https:\/\/web.infn.it\/infn-kids\/wp-json\/wp\/v2\/media?parent=1660"}],"curies":[{"name":"wp","href":"https:\/\/api.w.org\/{rel}","templated":true}]}}