{"id":2397,"date":"2024-01-10T15:30:23","date_gmt":"2024-01-10T14:30:23","guid":{"rendered":"https:\/\/web.infn.it\/infn-kids\/?page_id=2397"},"modified":"2024-01-10T15:30:23","modified_gmt":"2024-01-10T14:30:23","slug":"babbo-natale-che-scienza-le-risposte-del-nostro-concorso","status":"publish","type":"page","link":"https:\/\/web.infn.it\/infn-kids\/babbo-natale-che-scienza-le-risposte-del-nostro-concorso\/","title":{"rendered":"Babbo Natale: che scienza! Le risposte del nostro concorso"},"content":{"rendered":"\n<h3 class=\"wp-block-heading has-text-color has-link-color wp-elements-17c3ff144ade974d780a9d4a5772b6d3\" style=\"color:#00115e\">Pronti per scoprire le risposte alle domande nascoste nei nostri quattro video della speciale playlist di Natale 2023?<\/h3>\n\n\n\n<hr class=\"wp-block-separator has-text-color has-alpha-channel-opacity has-background is-style-default\" style=\"background-color:#00115e;color:#00115e\"\/>\n\n\n\n<h3 class=\"wp-block-heading\">\u26c4 Quanta neve al Polo Nord!<\/h3>\n\n\n\n<p style=\"font-size:20px\">Domanda: <em>Quanti assi di simmetria ha un fiocco di neve?<\/em><br><em>Come un esagono.<\/em> Un fiocco di neve presenta infatti la stessa simmetria di un esagono regolare, poligono regolare a sei lati. Un esagono regolare ha 6 assi di simmetria come mostrato in figura.<\/p>\n\n\n<div class=\"wp-block-image\">\n<figure data-wp-context=\"{&quot;imageId&quot;:&quot;69fbda08b61d2&quot;}\" data-wp-interactive=\"core\/image\" data-wp-key=\"69fbda08b61d2\" class=\"aligncenter size-large wp-lightbox-container\"><img loading=\"lazy\" decoding=\"async\" width=\"1024\" height=\"391\" data-wp-class--hide=\"state.isContentHidden\" data-wp-class--show=\"state.isContentVisible\" data-wp-init=\"callbacks.setButtonStyles\" data-wp-on--click=\"actions.showLightbox\" data-wp-on--load=\"callbacks.setButtonStyles\" data-wp-on-window--resize=\"callbacks.setButtonStyles\" src=\"https:\/\/web.infn.it\/infn-kids\/wp-content\/uploads\/2024\/01\/RispostaDomanda1-1024x391.png\" alt=\"\" class=\"wp-image-2407\" srcset=\"https:\/\/web.infn.it\/infn-kids\/wp-content\/uploads\/2024\/01\/RispostaDomanda1-1024x391.png 1024w, https:\/\/web.infn.it\/infn-kids\/wp-content\/uploads\/2024\/01\/RispostaDomanda1-300x115.png 300w, https:\/\/web.infn.it\/infn-kids\/wp-content\/uploads\/2024\/01\/RispostaDomanda1-768x293.png 768w, https:\/\/web.infn.it\/infn-kids\/wp-content\/uploads\/2024\/01\/RispostaDomanda1.png 1398w\" sizes=\"auto, (max-width: 1024px) 100vw, 1024px\" \/><button\n\t\t\tclass=\"lightbox-trigger\"\n\t\t\ttype=\"button\"\n\t\t\taria-haspopup=\"dialog\"\n\t\t\taria-label=\"Ingrandisci\"\n\t\t\tdata-wp-init=\"callbacks.initTriggerButton\"\n\t\t\tdata-wp-on--click=\"actions.showLightbox\"\n\t\t\tdata-wp-style--right=\"state.imageButtonRight\"\n\t\t\tdata-wp-style--top=\"state.imageButtonTop\"\n\t\t>\n\t\t\t<svg xmlns=\"http:\/\/www.w3.org\/2000\/svg\" width=\"12\" height=\"12\" fill=\"none\" viewBox=\"0 0 12 12\">\n\t\t\t\t<path fill=\"#fff\" d=\"M2 0a2 2 0 0 0-2 2v2h1.5V2a.5.5 0 0 1 .5-.5h2V0H2Zm2 10.5H2a.5.5 0 0 1-.5-.5V8H0v2a2 2 0 0 0 2 2h2v-1.5ZM8 12v-1.5h2a.5.5 0 0 0 .5-.5V8H12v2a2 2 0 0 1-2 2H8Zm2-12a2 2 0 0 1 2 2v2h-1.5V2a.5.5 0 0 0-.5-.5H8V0h2Z\" \/>\n\t\t\t<\/svg>\n\t\t<\/button><\/figure>\n<\/div>\n\n\n<hr class=\"wp-block-separator has-text-color has-alpha-channel-opacity has-background is-style-default\" style=\"background-color:#00115e;color:#00115e\"\/>\n\n\n\n<h3 class=\"wp-block-heading\">\ud83c\udf81 Due miliardi di pacchetti!<\/h3>\n\n\n\n<p style=\"font-size:20px\">Domanda: <em>Di quanti chilometri quadrati di carta, gli elfi di Babbo Natale hanno bisogno per preparare\u00a0 2 miliardi di pacchettini?<\/em><br><em>Circa met\u00e0 della superficie del comune di Torino.<\/em> Infatti per avvolgere 2 miliardi di pacchetti, ognuno con una superficie da ricoprire pari a 350 cm<sup>2 <\/sup>(vedi figura), servono 70 km<sup>2<\/sup> di carta.<\/p>\n\n\n\n<figure class=\"wp-block-image size-large\"><img loading=\"lazy\" decoding=\"async\" width=\"1024\" height=\"615\" src=\"https:\/\/web.infn.it\/infn-kids\/wp-content\/uploads\/2024\/01\/RispostaDomanda2.001-e1704895767161-1024x615.png\" alt=\"\" class=\"wp-image-2410\" srcset=\"https:\/\/web.infn.it\/infn-kids\/wp-content\/uploads\/2024\/01\/RispostaDomanda2.001-e1704895767161-1024x615.png 1024w, https:\/\/web.infn.it\/infn-kids\/wp-content\/uploads\/2024\/01\/RispostaDomanda2.001-e1704895767161-240x145.png 240w, https:\/\/web.infn.it\/infn-kids\/wp-content\/uploads\/2024\/01\/RispostaDomanda2.001-e1704895767161-300x180.png 300w, https:\/\/web.infn.it\/infn-kids\/wp-content\/uploads\/2024\/01\/RispostaDomanda2.001-e1704895767161-768x461.png 768w, https:\/\/web.infn.it\/infn-kids\/wp-content\/uploads\/2024\/01\/RispostaDomanda2.001-e1704895767161.png 1513w\" sizes=\"auto, (max-width: 1024px) 100vw, 1024px\" \/><\/figure>\n\n\n\n<p><\/p>\n\n\n\n<p>Area totale = base x altezza = 220 mm x 161 mm\u00a0= 35420 mm<sup>2<\/sup><br>Approssimiamo a 350000 mm<sup>2<\/sup><br>Convertiamo i mm<sup>2<\/sup> in cm<sup>2<\/sup>: 35000 x (10<sup>-1<\/sup> cm)<sup>2<\/sup>= 35\u22c510<sup>3<\/sup> x 10<sup>-2<\/sup> cm<sup>2<\/sup> =\u00a0350 cm<sup>2<\/sup><br>Utilizziamo la notazione scientifica per scrivere il numero totale di pacchetti da preparare: al posto di 2 miliardi ovvero 2 000 000 000 scriviamo 2 \u22c5 10<sup>9<\/sup>\u00a0<br>Procediamo quindi moltiplicando la superficie di un foglio di carta pari a 350 cm<sup>2<\/sup> per 2 miliardi; per risolvere l&#8217;operazione, applichiamo le regole delle potenze:<br>350 cm<sup>2<\/sup> x 2 \u22c510<sup>9<\/sup> = 700 \u22c510<sup>9 <\/sup>cm<sup>2<\/sup>\u00a0\u00a0<br>Sapendo che: 1 cm = 10<sup>-2<\/sup> m \u00a0 e \u00a0 1 m = 10<sup>-3<\/sup> km\u00a0\u00a0<br>sostituendo ,si ottiene 1 cm = 10<sup>-2<\/sup> x 10<sup>-3<\/sup> km, ovvero 1 cm = 10<sup>-5<\/sup> km<br>Quindi: 700 \u22c510<sup>9<\/sup> cm<sup>2<\/sup>\u00a0 = 700 \u22c510<sup>9<\/sup> (10<sup>-5<\/sup> km)<sup>2<\/sup> = 700 \u22c510<sup>9<\/sup> \u22c510<sup>-10<\/sup> km<sup>2<\/sup> = 7 \u22c510<sup>2<\/sup> \u22c510<sup>9<\/sup> \u22c510<sup>-10<\/sup> km<sup>2<\/sup> = 70 km<sup>2<\/sup><\/p>\n\n\n\n<hr class=\"wp-block-separator has-text-color has-alpha-channel-opacity has-background is-style-default\" style=\"background-color:#00115e;color:#00115e\"\/>\n\n\n\n<h3 class=\"wp-block-heading\">\ud83d\udef7 Slitta pronta al&#8230; decollo!<\/h3>\n\n\n\n<p style=\"font-size:20px\">Domanda: <em>Quante navi da crociera ci vogliono per fare il peso totale dei regali di Babbo Natale?<\/em><br>Una nave per ogni centimetro del foglio per l\u2019origami. Infatti, se consideriamo che il peso medio di un regalo \u00e8 pari a 1 kg e lo moltiplichiamo per 2 miliardi di regali otteniamo 2 000 000 000 kg = 2 \u22c5 10<sup>9<\/sup> kg. Questo valore corrisponde a 2 000 000 tonnellate, 2 milioni di tonnellate, che sono pari al peso di 15 navi da crociera.<br>Il foglio che abbiamo utilizzato per realizzare l\u2019origami a forma di renna ha un lato di 15 cm. Ed \u00e8 proprio in questo numero, 15, che si nascondeva la risposta. Come abbiamo visto servono 15 navi da crociera per uguagliare il peso di tutti i regali portati da Babbo Natale.<\/p>\n\n\n\n<hr class=\"wp-block-separator has-text-color has-alpha-channel-opacity has-background is-style-default\" style=\"background-color:#00115e;color:#00115e\"\/>\n\n\n\n<h3 class=\"wp-block-heading\">\ud83c\udf84 La lunga notte di Babbo Natale<\/h3>\n\n\n\n<p style=\"font-size:20px\">Domanda: Quanto dura la notte di Babbo Natale?<br>Tutti i fusi orari e\u2026 un po\u2019 di pi\u00f9. Grazie ai fusi orari, Babbo Natale riesce a far durare la sua notte pi\u00f9 di 24 ore. La notte di Babbo Natale dura circa 31 ore perch\u00e9 riesce a sfruttare il fatto che le ore di luce e buio non sono le stesse ovunque nel globo terrestre. In questo periodo, nell\u2019emisfero Nord, le ore di luce sono minori di quelle di buio.<\/p>\n","protected":false},"excerpt":{"rendered":"<p>Pronti per scoprire le risposte alle domande nascoste nei nostri quattro video della speciale playlist di Natale 2023? \u26c4 Quanta neve al Polo Nord! Domanda: Quanti assi di simmetria ha un fiocco di neve?Come un esagono. Un fiocco di neve presenta infatti la stessa simmetria di un esagono regolare, poligono regolare a sei lati. Un &hellip; <\/p>\n<p class=\"link-more\"><a href=\"https:\/\/web.infn.it\/infn-kids\/babbo-natale-che-scienza-le-risposte-del-nostro-concorso\/\" class=\"more-link\">Continue reading<span class=\"screen-reader-text\"> &#8220;Babbo Natale: che scienza! Le risposte del nostro concorso&#8221;<\/span><\/a><\/p>\n","protected":false},"author":2,"featured_media":2413,"parent":0,"menu_order":0,"comment_status":"closed","ping_status":"closed","template":"","meta":{"footnotes":""},"class_list":["post-2397","page","type-page","status-publish","has-post-thumbnail","hentry"],"_links":{"self":[{"href":"https:\/\/web.infn.it\/infn-kids\/wp-json\/wp\/v2\/pages\/2397","targetHints":{"allow":["GET"]}}],"collection":[{"href":"https:\/\/web.infn.it\/infn-kids\/wp-json\/wp\/v2\/pages"}],"about":[{"href":"https:\/\/web.infn.it\/infn-kids\/wp-json\/wp\/v2\/types\/page"}],"author":[{"embeddable":true,"href":"https:\/\/web.infn.it\/infn-kids\/wp-json\/wp\/v2\/users\/2"}],"replies":[{"embeddable":true,"href":"https:\/\/web.infn.it\/infn-kids\/wp-json\/wp\/v2\/comments?post=2397"}],"version-history":[{"count":0,"href":"https:\/\/web.infn.it\/infn-kids\/wp-json\/wp\/v2\/pages\/2397\/revisions"}],"wp:featuredmedia":[{"embeddable":true,"href":"https:\/\/web.infn.it\/infn-kids\/wp-json\/wp\/v2\/media\/2413"}],"wp:attachment":[{"href":"https:\/\/web.infn.it\/infn-kids\/wp-json\/wp\/v2\/media?parent=2397"}],"curies":[{"name":"wp","href":"https:\/\/api.w.org\/{rel}","templated":true}]}}