{"id":146,"date":"2024-09-16T11:36:37","date_gmt":"2024-09-16T09:36:37","guid":{"rendered":"https:\/\/web.infn.it\/jlab12\/?page_id=146"},"modified":"2024-10-09T15:52:09","modified_gmt":"2024-10-09T13:52:09","slug":"bari","status":"publish","type":"page","link":"https:\/\/web.infn.it\/jlab12\/bari\/","title":{"rendered":"Bari"},"content":{"rendered":"\n<h2 class=\"wp-block-heading\">Bari<\/h2>\n\n\n\n<p>Il gruppo di Bari di JLab12 \u00e8 al momento principalmente coinvolto nello sviluppo del tracciatore GEM per la fisica a 12 GeV con il nuovo spettrometro SBS in sala A. In particolare, il gruppo \u00e8 responsabile per il sistema di distribuzione e controllo della miscela di gas (GasDCS) utilizzata nelle camere GEM. Le camere GEM sono infatti alimentate con una miscela nominale di 70%\/30% Argon (Ar) e Anidride Carbonica &#8220;CO&lt;sub>2&lt;\/sub>&#8221;, con un flusso equivalente a 1-3 Volumi\/ora e accuratezza di 1% del fondo scala. L&#8217;hardware di controllo \u00e8 basato su flussimetri di massa MKS che sono connessi all&#8217;unit\u00e0 centrale MKS MultiGasController 647C. Il software di controllo \u00e8 stato sviluppato nell&#8217;ambiente NI-LabView; esso permette all&#8217;utente di fissare i parametri di flusso attraverso un file di configurazione; di controllare continuamente i valori di flusso misurati e di mostrare i dati in forma alfanumerica e grafica.Il sistema gestisce anche misuratori di pressione differenziale a trasmissione che monitorano lo stato della pressione all&#8217;ingresso e all&#8217;uscita della camera. Inoltre include sensori di temperatura a resistore. I dati acquisiti sono salvati su disco con l&#8217;indicazione del tempo per un&#8217;eventuale analisi off-line. In aggiunta i dati possono essere trasmessi sulla rete locale e trasmessi attraverso il protocollo TCP\/IP.<\/p>\n","protected":false},"excerpt":{"rendered":"<p>Bari Il gruppo di Bari di JLab12 \u00e8 al momento principalmente coinvolto nello sviluppo del tracciatore GEM per la fisica a 12 GeV con il nuovo spettrometro SBS in sala A. In particolare, il gruppo \u00e8 responsabile per il sistema di distribuzione e controllo della miscela di gas (GasDCS) utilizzata nelle camere GEM. Le camere [&hellip;]<\/p>\n","protected":false},"author":2,"featured_media":150,"parent":0,"menu_order":0,"comment_status":"closed","ping_status":"closed","template":"page-no-title","meta":{"footnotes":""},"class_list":["post-146","page","type-page","status-publish","has-post-thumbnail","hentry"],"_links":{"self":[{"href":"https:\/\/web.infn.it\/jlab12\/wp-json\/wp\/v2\/pages\/146","targetHints":{"allow":["GET"]}}],"collection":[{"href":"https:\/\/web.infn.it\/jlab12\/wp-json\/wp\/v2\/pages"}],"about":[{"href":"https:\/\/web.infn.it\/jlab12\/wp-json\/wp\/v2\/types\/page"}],"author":[{"embeddable":true,"href":"https:\/\/web.infn.it\/jlab12\/wp-json\/wp\/v2\/users\/2"}],"replies":[{"embeddable":true,"href":"https:\/\/web.infn.it\/jlab12\/wp-json\/wp\/v2\/comments?post=146"}],"version-history":[{"count":6,"href":"https:\/\/web.infn.it\/jlab12\/wp-json\/wp\/v2\/pages\/146\/revisions"}],"predecessor-version":[{"id":248,"href":"https:\/\/web.infn.it\/jlab12\/wp-json\/wp\/v2\/pages\/146\/revisions\/248"}],"wp:featuredmedia":[{"embeddable":true,"href":"https:\/\/web.infn.it\/jlab12\/wp-json\/wp\/v2\/media\/150"}],"wp:attachment":[{"href":"https:\/\/web.infn.it\/jlab12\/wp-json\/wp\/v2\/media?parent=146"}],"curies":[{"name":"wp","href":"https:\/\/api.w.org\/{rel}","templated":true}]}}