{"id":875,"date":"2022-09-07T16:14:03","date_gmt":"2022-09-07T14:14:03","guid":{"rendered":"https:\/\/web.infn.it\/openscience\/?page_id=875"},"modified":"2026-04-16T12:31:05","modified_gmt":"2026-04-16T10:31:05","slug":"cose-oar","status":"publish","type":"page","link":"https:\/\/web.infn.it\/openscience\/cose-oar\/","title":{"rendered":"Cos&#8217;\u00e8 OAR"},"content":{"rendered":"\t\t<div data-elementor-type=\"wp-page\" data-elementor-id=\"875\" class=\"elementor elementor-875\" data-elementor-settings=\"{&quot;ha_cmc_init_switcher&quot;:&quot;no&quot;}\">\n\t\t\t\t\t\t<section class=\"elementor-section elementor-top-section elementor-element elementor-element-fce9451 elementor-section-boxed elementor-section-height-default elementor-section-height-default\" data-id=\"fce9451\" data-element_type=\"section\" data-e-type=\"section\" data-settings=\"{&quot;_ha_eqh_enable&quot;:false}\">\n\t\t\t\t\t\t<div class=\"elementor-container elementor-column-gap-default\">\n\t\t\t\t\t<div class=\"elementor-column elementor-col-100 elementor-top-column elementor-element elementor-element-199efe10\" data-id=\"199efe10\" data-element_type=\"column\" data-e-type=\"column\">\n\t\t\t<div class=\"elementor-widget-wrap elementor-element-populated\">\n\t\t\t\t\t\t<div class=\"elementor-element elementor-element-004201c elementor-widget elementor-widget-image\" data-id=\"004201c\" data-element_type=\"widget\" data-e-type=\"widget\" data-widget_type=\"image.default\">\n\t\t\t\t<div class=\"elementor-widget-container\">\n\t\t\t\t\t\t\t\t\t\t\t\t\t\t\t\t<a href=\"https:\/\/www.openaccessrepository.it\/\" target=\"_blank\" rel=\"noopener\">\n\t\t\t\t\t\t\t<img fetchpriority=\"high\" decoding=\"async\" width=\"300\" height=\"180\" src=\"https:\/\/web.infn.it\/openscience\/wp-content\/uploads\/2022\/11\/logo_infn_oar-300x180.jpg\" class=\"attachment-medium size-medium wp-image-1821\" alt=\"\" srcset=\"https:\/\/web.infn.it\/openscience\/wp-content\/uploads\/2022\/11\/logo_infn_oar-300x180.jpg 300w, https:\/\/web.infn.it\/openscience\/wp-content\/uploads\/2022\/11\/logo_infn_oar.jpg 741w\" sizes=\"(max-width: 300px) 100vw, 300px\" \/>\t\t\t\t\t\t\t\t<\/a>\n\t\t\t\t\t\t\t\t\t\t\t\t\t\t\t<\/div>\n\t\t\t\t<\/div>\n\t\t\t\t<div class=\"elementor-element elementor-element-315c1b94 elementor-widget elementor-widget-text-editor\" data-id=\"315c1b94\" data-element_type=\"widget\" data-e-type=\"widget\" data-widget_type=\"text-editor.default\">\n\t\t\t\t<div class=\"elementor-widget-container\">\n\t\t\t\t\t\t\t\t\t<p><\/p>\n<p><span style=\"font-family: georgia, palatino, serif; font-size: 12pt;\"><span style=\"color: var( --e-global-color-text );\">Open Access Repository (<\/span><strong style=\"color: var( --e-global-color-text );\"><a href=\"https:\/\/www.openaccessrepository.it\/\" target=\"_blank\" rel=\"noreferrer noopener\" data-type=\"URL\" data-id=\"https:\/\/www.openaccessrepository.it\/\">OAR<\/a><\/strong><span style=\"color: var( --e-global-color-text );\">) \u00e8 l\u2019archivio istituzionale dell\u2019INFN, introdotto nella sua versione pilota nel 2017. Si basa su <\/span><a href=\"https:\/\/about.zenodo.org\/\" target=\"_blank\" rel=\"noopener\">Zenodo<\/a><span style=\"color: var( --e-global-color-text );\"> e <\/span><a href=\"https:\/\/inveniosoftware.org\/abou\" target=\"_blank\" rel=\"noopener\">Invenio<\/a><span style=\"color: var( --e-global-color-text );\">, sviluppati dal CERN in collaborazione con altre istituzioni di diversi ambiti scientifici, e confluiti nel progetto <\/span><strong style=\"color: var( --e-global-color-text );\">InvenioRDM<\/strong><span style=\"color: var( --e-global-color-text );\">.<\/span><\/span><\/p>\n<p><span style=\"font-size: 12pt; font-family: georgia, palatino, serif;\">Permette di depositare i prodotti della ricerca in diversi formati, oltre a fornire gratuitamente un <a href=\"https:\/\/www.doi.org\/\" target=\"_blank\" rel=\"noopener\">DOI<\/a> (Digital Object Identifier) e consentire il collegamento con il proprio <a href=\"https:\/\/orcid.org\/\" target=\"_blank\" rel=\"noopener\">ORCID<\/a> (Open\u00a0Researcher and\u00a0Contributor\u00a0ID).<\/span><\/p>\n<p><span style=\"font-size: 12pt; font-family: georgia, palatino, serif;\"><\/span><\/p>\n<p><span style=\"font-size: 12pt; font-family: georgia, palatino, serif;\"><\/span><\/p>\n<p><span style=\"font-size: 12pt; font-family: georgia, palatino, serif;\">Le principali caratteristiche di OAR sono:<\/span><\/p>\n<p><span style=\"font-size: 12pt; font-family: georgia, palatino, serif;\"><\/span><\/p>\n<p><span style=\"font-size: 12pt; font-family: georgia, palatino, serif;\"><\/span><\/p>\n<ul class=\"wp-block-list\">\n<li><span style=\"font-size: 12pt; font-family: georgia, palatino, serif;\">conformit\u00e0 con <strong><a href=\"https:\/\/web.infn.it\/openscience\/wp-admin\/post.php?post=1021&amp;action=edit\">principi FAIR<\/a><\/strong>, che stanno emergendo come paradigmi di riferimento nel contesto dell\u2019Open Science<\/span><\/li>\n<li><span style=\"font-size: 12pt; font-family: georgia, palatino, serif;\">supporto ai <strong>protocolli standard <\/strong>per garantire l\u2019interoperabilit\u00e0<\/span><\/li>\n<li><span style=\"font-size: 12pt; font-family: georgia, palatino, serif;\">possibilit\u00e0 di raccogliere pi\u00f9 <strong>tipologie di risorse digitali<\/strong><\/span><\/li>\n<li><span style=\"font-size: 12pt; font-family: georgia, palatino, serif;\">ogni prodotto caricato in OAR \u00e8 dotato di un <strong>DOI<\/strong> fornito da <a href=\"https:\/\/datacite.org\/index.html\" target=\"_blank\" rel=\"noreferrer noopener\" data-type=\"URL\" data-id=\"https:\/\/datacite.org\/index.html\">Datacite<\/a><\/span><\/li>\n<li><span style=\"font-size: 12pt; font-family: georgia, palatino, serif;\">identificatori univoci per ricercatori (<strong>ORCID)<\/strong> e istituzioni (<strong><a href=\"https:\/\/ror.org\/\" target=\"_blank\" rel=\"noreferrer noopener\" data-type=\"URL\" data-id=\"https:\/\/ror.org\/\">ROR<\/a><\/strong>)<\/span><\/li>\n<\/ul>\n<p><span style=\"font-size: 12pt; font-family: georgia, palatino, serif;\"><\/span><\/p>\n<p><span style=\"font-size: 12pt; font-family: georgia, palatino, serif;\"><\/span><\/p>\n<p><span style=\"font-size: 12pt; font-family: georgia, palatino, serif;\">Lo scopo di OAR \u00e8 aumentare la visibilit\u00e0 della ricerca e dei ricercatori INFN e seguire un percorso conforme alle linee guida <a href=\"https:\/\/eosc-portal.eu\/\" target=\"_blank\" rel=\"noreferrer noopener\" data-type=\"URL\" data-id=\"https:\/\/eosc-portal.eu\/\">EOSC<\/a> (European Open Science Cloud).<\/span><\/p>\n<p><span style=\"font-family: georgia, palatino, serif; font-size: 12pt;\">Open Access Repository,\u00a0sviluppato da Roberto Barbera (Universita&#8217; degli Studi di Catania e INFN Catania), diventa ufficia<span style=\"color: var( --e-global-color-text );\">lmente l&#8217;archivio istituzionale dell&#8217;INFN con l&#8217;approvazione del <a href=\"https:\/\/www.openaccessrepository.it\/records\/4rh1g-00n97\" target=\"_blank\" rel=\"noopener\">Disciplinare <\/a><\/span>per l\u2019accesso aperto ai prodotti della ricerca dell\u2019istituto Nazionale di Fisica Nucleare, <span style=\"color: var( --e-global-color-text );\">con la Delibera n. 16717 del 21\/07\/2023.<\/span><\/span><\/p>\n<p><span style=\"font-size: 12pt;\"><span style=\"font-family: georgia, palatino, serif;\">\u00a0<\/span><\/span><\/p>\n<p><\/p>\t\t\t\t\t\t\t\t<\/div>\n\t\t\t\t<\/div>\n\t\t\t\t<div class=\"elementor-element elementor-element-4d2b596 elementor-widget elementor-widget-tp-blockquote\" data-id=\"4d2b596\" data-element_type=\"widget\" data-e-type=\"widget\" data-widget_type=\"tp-blockquote.default\">\n\t\t\t\t<div class=\"elementor-widget-container\">\n\t\t\t\t\t<div class=\"pt-plus-text-block-wrapper\" ><div class=\"text_block_parallax\"><div class=\"plus_blockquote quote-style-1   none \" ><blockquote class=\"quote-text\"><span class=\"tp-bq-desc\"><p><span style=\"font-size: 12pt\"><strong>L\u2019Archivio \u00e8 lo strumento per documentare, comprovare, custodire, promuovere e disseminare la produzione scientifica dell\u2019INFN e pu\u00f2 essere altres\u00ec utilizzato per attivit\u00e0 di verifica e valutazione della ricerca. L\u2019archivio si conforma al quadro normativo che disciplina la ricerca scientifica e la valutazione della stessa, nonch\u00e9 alle norme in materia di documentazione archivistico-amministrativa e di fruizione del patrimonio scientifico e culturale, in una prospettiva orientata all\u2019accesso aperto.<\/strong><\/span><\/p>\n<p>\u00a0<\/p>\n<p><span style=\"font-size: 10pt\">Art. 4.2 del Disciplinare per l'accesso aperto ai prodotti della ricerca dell'INFN<\/span><\/p><\/span><\/blockquote><\/div><\/div><\/div>\t\t\t\t<\/div>\n\t\t\t\t<\/div>\n\t\t\t\t\t<\/div>\n\t\t<\/div>\n\t\t\t\t\t<\/div>\n\t\t<\/section>\n\t\t\t\t<\/div>\n\t\t","protected":false},"excerpt":{"rendered":"<p>Open Access Repository (OAR) \u00e8 l\u2019archivio istituzionale dell\u2019INFN, introdotto nella sua versione pilota nel 2017. Si basa su Zenodo e Invenio, sviluppati dal CERN in collaborazione con altre istituzioni di diversi ambiti scientifici, e confluiti nel progetto InvenioRDM. Permette di<\/p>\n","protected":false},"author":2,"featured_media":0,"parent":0,"menu_order":0,"comment_status":"closed","ping_status":"closed","template":"","meta":{"_eb_attr":"","footnotes":""},"class_list":["post-875","page","type-page","status-publish","hentry"],"_links":{"self":[{"href":"https:\/\/web.infn.it\/openscience\/wp-json\/wp\/v2\/pages\/875","targetHints":{"allow":["GET"]}}],"collection":[{"href":"https:\/\/web.infn.it\/openscience\/wp-json\/wp\/v2\/pages"}],"about":[{"href":"https:\/\/web.infn.it\/openscience\/wp-json\/wp\/v2\/types\/page"}],"author":[{"embeddable":true,"href":"https:\/\/web.infn.it\/openscience\/wp-json\/wp\/v2\/users\/2"}],"replies":[{"embeddable":true,"href":"https:\/\/web.infn.it\/openscience\/wp-json\/wp\/v2\/comments?post=875"}],"version-history":[{"count":97,"href":"https:\/\/web.infn.it\/openscience\/wp-json\/wp\/v2\/pages\/875\/revisions"}],"predecessor-version":[{"id":3489,"href":"https:\/\/web.infn.it\/openscience\/wp-json\/wp\/v2\/pages\/875\/revisions\/3489"}],"wp:attachment":[{"href":"https:\/\/web.infn.it\/openscience\/wp-json\/wp\/v2\/media?parent=875"}],"curies":[{"name":"wp","href":"https:\/\/api.w.org\/{rel}","templated":true}]}}